{"id":46339,"date":"2025-03-10T13:11:32","date_gmt":"2025-03-10T11:11:32","guid":{"rendered":"https:\/\/val.sfp.fi\/valfardsomradesval\/?page_id=46339"},"modified":"2025-03-10T13:12:40","modified_gmt":"2025-03-10T11:12:40","slug":"rkp-lansi-uudenmaan-vaaliohjelma-aluevaaleissa","status":"publish","type":"page","link":"https:\/\/val.sfp.fi\/valfardsomradesval\/fi\/rkp-lansi-uudenmaan-vaaliohjelma-aluevaaleissa\/","title":{"rendered":"RKP L\u00e4nsi-Uudenmaan vaaliohjelma aluevaaleissa"},"content":{"rendered":"<p><a href=\"https:\/\/val.sfp.fi\/valfardsomradesval\/fi\/hyvinvointialue\/lansi-uusimaa\/\">Takaisin hyvinvointialueelle (L\u00e4nsi-Uusimaa)<\/a><\/p>\n<p>RKP pyrkii varmistamaan, ett\u00e4 hoito on korkealaatuista ja kaikkien saatavilla riippumatta asuinpaikkaa, tulotasoa tai \u00e4idinkielt\u00e4. Haluamme kaikkien asukkaiden tuntevan olonsa turvalliseksi riippumatta siit\u00e4, mit\u00e4 palvelutarpeita heill\u00e4 on tai miss\u00e4 el\u00e4m\u00e4nvaiheessa he ovat.<\/p>\n<p>Sosiaali- ja terveydenhuollon tulee olla saatavilla helposti. Hoitoon p\u00e4\u00e4sy tulee olla helppoa riippumatta siit\u00e4, mit\u00e4 yhteydenottotapaa haluat. Avun pyyt\u00e4misen kynnyksen tulee olla matala riippumatta siit\u00e4, mist\u00e4 on kyse. Tarjottavien palveluiden tulee olla monipuolisia ja vastata olemassa oleviin tarpeisiin. Sinun tulee saada tarvitsemaasi hoitoa ja apua, eik\u00e4 sinua saa pompottaa luukusta luukkuun. Sinun tulee saada hoitoa omalla \u00e4idinkielell\u00e4si. Jokaisessa kunnassa pit\u00e4\u00e4 olla fyysinen l\u00e4hipalvelupiste samalla kun digitaalisia ja mobiilipalveluita on kehitett\u00e4v\u00e4 voimakkaasti.<\/p>\n<p>Turvallinen vanhustenhoito saavutetaan parhaiten monipuolisella palveluvalikoimalla. Kotona asuessasi sinun tulee tuntea olosi turvalliseksi ja olla varma, ett\u00e4 saat apua, kun sit\u00e4 tarvitset. Tarvitaan uusia ratkaisuja, jotta palvelut riitt\u00e4isiv\u00e4t kaikille.<\/p>\n<p>Ambulanssin, palokunnan ja muiden pelastuspalvelujen on oltava luotettavia. Sinun pit\u00e4isi voida luottaa siihen, ett\u00e4 apua tulee, jos pahin tapahtuu, paikasta tai kellonajasta riippumatta. Pyrimme turvaamaan riitt\u00e4v\u00e4t resurssit valmiuden yll\u00e4pit\u00e4miseen koko alueelle, my\u00f6s maaseudulle ja saaristoon.<\/p>\n<p>Hyv\u00e4 henkil\u00f6st\u00f6politiikka on avain hyvinvointialueiden menestykseen. Haluamme luoda ty\u00f6rauhaa henkil\u00f6kunnalle. Ty\u00f6ntekij\u00f6iden on voitava vaikuttaa ty\u00f6h\u00f6ns\u00e4 ja heid\u00e4n on voitava suorittaa teht\u00e4v\u00e4t, joihin heid\u00e4t on koulutettu. Motivoitunut ja osaava henkil\u00f6kunta on hyvinvointialueiden toiminnan edellytys.<\/p>\n<p><strong>RKP L\u00e4nsi-Uudenmaan hyvinvointialueella ty\u00f6skentelee sen eteen, ett\u00e4:<\/strong><\/p>\n<ul>\n<li>Otamme k\u00e4ytt\u00f6\u00f6n omal\u00e4\u00e4k\u00e4rimallin kaikilla alueen paikkakunnilla seuraavan valtuustokauden aikana.<\/li>\n<li>Panostamme lasten ja nuorten hyvinvointiin turvaamalla koulukuraattori- ja koulupsykologipalvelut kaikissa kouluissa sek\u00e4 aktiivisella yhteisty\u00f6ll\u00e4 kuntien nuorisoty\u00f6n kanssa lasten ja nuorten terveyden edist\u00e4miseksi.<\/li>\n<li>Otetaan k\u00e4ytt\u00f6\u00f6n seniorineuvontapalveluja ja ehk\u00e4ist\u00e4\u00e4n yksin\u00e4isyytt\u00e4 ik\u00e4\u00e4ntyneiden keskuudessa. P\u00e4iv\u00e4toiminta j\u00e4rjestet\u00e4\u00e4n ensisijaisesti fyysisen\u00e4 toimintana, ei digitaalisena.<\/li>\n<li>Omaishoitajille taataan kohtuulliset korvaukset ja mahdollisuus ottaa vapaata matalalla kynnyksell\u00e4 jaksohoidon my\u00f6t\u00e4.<\/li>\n<li>Varmistamme toimivan palvelun Raseborgin ja Lohjan sairaaloissa sek\u00e4 riitt\u00e4v\u00e4n m\u00e4\u00e4r\u00e4n ambulansseja koko hyvinvointialueella. VPK on t\u00e4rke\u00e4 osa pelastustoimen toimintaa.<\/li>\n<li>Vahvistamme perusterveydenhuoltoa turvaamalla v\u00e4hint\u00e4\u00e4n yhden l\u00e4hipalveluaseman kuntaa kohden sek\u00e4 lis\u00e4\u00e4m\u00e4ll\u00e4 terveyskeskusten takaisinsoittopalvelujen resursseja.<\/li>\n<li>Teemme ty\u00f6t\u00e4 sen eteen, ett\u00e4 hyvinvointialueella on kest\u00e4v\u00e4 talous. S\u00e4\u00e4st\u00f6j\u00e4 on teht\u00e4v\u00e4, mutta niiden ei tule olla kohtuuttomia tai alueellisesti ep\u00e4oikeudenmukaisia.<\/li>\n<li>Ik\u00e4ihmisille on riitt\u00e4v\u00e4sti hoivakoteja ja v\u00e4limuotoisia asumisratkaisuja. Jokaisella ik\u00e4ihmisell\u00e4 on oltava mahdollisuus turvalliseen arkeen.<\/li>\n<li>Kuljetuspalvelut ovat toimivia, ja ett\u00e4 niit\u00e4 kehitet\u00e4\u00e4n yhteisty\u00f6ss\u00e4 k\u00e4ytt\u00e4jien kanssa. Palveluiden kuljettajien on oltava luotettavia ja turvallisia. Palveluautoja on oltava riitt\u00e4v\u00e4sti koko hyvinvointialueella.<\/li>\n<li>Asumispaikkoja vammaisille henkil\u00f6ille lis\u00e4t\u00e4\u00e4n. On oltava erityisi\u00e4 yksik\u00f6it\u00e4 ja\/tai asumisratkaisuja ruotsinkielisille.<\/li>\n<li>Hyvinvointialue vahvistaa kaksikielisi\u00e4 palvelujaan. Kaikilla ruotsinkielisill\u00e4 on oikeus saada palvelua omalla \u00e4idinkielell\u00e4\u00e4n, ja kielelliset vaikutusarvioinnit on aina teht\u00e4v\u00e4.<\/li>\n<li>Hyvinvointialue on yhten\u00e4inen, ja jokainen tuntee kuuluvansa siihen riippumatta siit\u00e4, asuuko Espoossa, Hangossa vai Lohjalla.<\/li>\n<li>Hyvinvointialueen viestint\u00e4\u00e4 asukkaille vahvistetaan.<\/li>\n<li>Henkil\u00f6st\u00f6\u00f6n panostetaan, sill\u00e4 he ovat t\u00e4rkein resurssimme. Johtamista ja ty\u00f6hyvinvointia on kehitett\u00e4v\u00e4 jatkuvasti.<\/li>\n<li>Kolmannen sektorin ja yksityisten yritysten toimijoita kohdellaan tasapuolisesti ja niille taataan kohtuulliset toimintaedellytykset. N\u00e4m\u00e4 ovat t\u00e4rkeit\u00e4 t\u00e4ydent\u00e4ji\u00e4 hyvinvointialueen palveluissa.<\/li>\n<\/ul>\n<p><strong>RKP:n saavutukset kuluneella valtuustokaudella:<\/strong><\/p>\n<ul>\n<li>Lohjan sairaalan ymp\u00e4rivuorokautinen p\u00e4ivystys s\u00e4ilytettiin, vaikka HUSin valmistelussa esitettiin leikkauksia.<\/li>\n<li>Laajoja leikkauksia omaishoitajien korvauksiin estettiin hyvinvointialueella.<\/li>\n<li>RKP:n painostuksen ansiosta ambulanssiresurssit arvioidaan jo kev\u00e4\u00e4n aikana.<\/li>\n<li>Ik\u00e4ihmisten p\u00e4iv\u00e4toimintaa j\u00e4rjestet\u00e4\u00e4n osittain fyysisesti, vaikka suuri osa siit\u00e4 haluttiin digitalisoida.<\/li>\n<li>Jokaisella paikkakunnalla on edelleen oma terveyskeskus \u2013 ja n\u00e4in on my\u00f6s jatkossa.<\/li>\n<\/ul>\n","protected":false},"excerpt":{"rendered":"<p>Takaisin hyvinvointialueelle (L\u00e4nsi-Uusimaa) RKP pyrkii varmistamaan, ett\u00e4 hoito on korkealaatuista ja kaikkien saatavilla riippumatta asuinpaikkaa, tulotasoa tai \u00e4idinkielt\u00e4. Haluamme kaikkien asukkaiden tuntevan olonsa turvalliseksi riippumatta siit\u00e4, mit\u00e4 palvelutarpeita heill\u00e4 on<a class=\"excerpt-read-more\" href=\"https:\/\/val.sfp.fi\/valfardsomradesval\/fi\/rkp-lansi-uudenmaan-vaaliohjelma-aluevaaleissa\/\" title=\"L\u00e4sRKP L\u00e4nsi-Uudenmaan vaaliohjelma aluevaaleissa\">&#8230;<\/a><\/p>\n","protected":false},"author":2460,"featured_media":0,"parent":0,"menu_order":0,"comment_status":"closed","ping_status":"closed","template":"","meta":{"_acf_changed":false,"footnotes":""},"class_list":["post-46339","page","type-page","status-publish","hentry"],"acf":[],"yoast_head":"<!-- This site is optimized with the Yoast SEO plugin v27.2 - https:\/\/yoast.com\/product\/yoast-seo-wordpress\/ -->\n<title>RKP L\u00e4nsi-Uudenmaan vaaliohjelma aluevaaleissa &#8212; V\u00e4lf\u00e4rdsomr\u00e5desval 2025<\/title>\n<meta name=\"robots\" content=\"index, follow, max-snippet:-1, max-image-preview:large, max-video-preview:-1\" \/>\n<link rel=\"canonical\" href=\"https:\/\/val.sfp.fi\/valfardsomradesval\/fi\/rkp-lansi-uudenmaan-vaaliohjelma-aluevaaleissa\/\" \/>\n<meta property=\"og:locale\" content=\"sv_SE\" \/>\n<meta property=\"og:type\" content=\"article\" \/>\n<meta property=\"og:title\" content=\"RKP L\u00e4nsi-Uudenmaan vaaliohjelma aluevaaleissa &#8212; V\u00e4lf\u00e4rdsomr\u00e5desval 2025\" \/>\n<meta property=\"og:description\" content=\"Takaisin hyvinvointialueelle (L\u00e4nsi-Uusimaa) RKP pyrkii varmistamaan, ett\u00e4 hoito on korkealaatuista ja kaikkien saatavilla riippumatta asuinpaikkaa, tulotasoa tai \u00e4idinkielt\u00e4. Haluamme kaikkien asukkaiden tuntevan olonsa turvalliseksi riippumatta siit\u00e4, mit\u00e4 palvelutarpeita heill\u00e4 on...\" \/>\n<meta property=\"og:url\" content=\"https:\/\/val.sfp.fi\/valfardsomradesval\/fi\/rkp-lansi-uudenmaan-vaaliohjelma-aluevaaleissa\/\" \/>\n<meta property=\"og:site_name\" content=\"V\u00e4lf\u00e4rdsomr\u00e5desval 2025\" \/>\n<meta property=\"article:publisher\" content=\"https:\/\/www.facebook.com\/sfprkp\/\" \/>\n<meta property=\"article:modified_time\" content=\"2025-03-10T11:12:40+00:00\" \/>\n<meta property=\"og:image\" content=\"https:\/\/val.sfp.fi\/valfardsomradesval\/wp-content\/uploads\/SFP-RKP-logo.jpg\" \/>\n\t<meta property=\"og:image:width\" content=\"1483\" \/>\n\t<meta property=\"og:image:height\" content=\"1483\" \/>\n\t<meta property=\"og:image:type\" content=\"image\/jpeg\" \/>\n<meta name=\"twitter:label1\" content=\"Ber\u00e4knad l\u00e4stid\" \/>\n\t<meta name=\"twitter:data1\" content=\"3 minuter\" \/>\n<script type=\"application\/ld+json\" class=\"yoast-schema-graph\">{\"@context\":\"https:\/\/schema.org\",\"@graph\":[{\"@type\":\"WebPage\",\"@id\":\"https:\/\/val.sfp.fi\/valfardsomradesval\/fi\/rkp-lansi-uudenmaan-vaaliohjelma-aluevaaleissa\/\",\"url\":\"https:\/\/val.sfp.fi\/valfardsomradesval\/fi\/rkp-lansi-uudenmaan-vaaliohjelma-aluevaaleissa\/\",\"name\":\"RKP L\u00e4nsi-Uudenmaan vaaliohjelma aluevaaleissa &#8212; V\u00e4lf\u00e4rdsomr\u00e5desval 2025\",\"isPartOf\":{\"@id\":\"https:\/\/val.sfp.fi\/valfardsomradesval\/#website\"},\"datePublished\":\"2025-03-10T11:11:32+00:00\",\"dateModified\":\"2025-03-10T11:12:40+00:00\",\"breadcrumb\":{\"@id\":\"https:\/\/val.sfp.fi\/valfardsomradesval\/fi\/rkp-lansi-uudenmaan-vaaliohjelma-aluevaaleissa\/#breadcrumb\"},\"inLanguage\":\"sv-SE\",\"potentialAction\":[{\"@type\":\"ReadAction\",\"target\":[\"https:\/\/val.sfp.fi\/valfardsomradesval\/fi\/rkp-lansi-uudenmaan-vaaliohjelma-aluevaaleissa\/\"]}]},{\"@type\":\"BreadcrumbList\",\"@id\":\"https:\/\/val.sfp.fi\/valfardsomradesval\/fi\/rkp-lansi-uudenmaan-vaaliohjelma-aluevaaleissa\/#breadcrumb\",\"itemListElement\":[{\"@type\":\"ListItem\",\"position\":1,\"name\":\"Home\",\"item\":\"https:\/\/val.sfp.fi\/valfardsomradesval\/\"},{\"@type\":\"ListItem\",\"position\":2,\"name\":\"RKP L\u00e4nsi-Uudenmaan vaaliohjelma aluevaaleissa\"}]},{\"@type\":\"WebSite\",\"@id\":\"https:\/\/val.sfp.fi\/valfardsomradesval\/#website\",\"url\":\"https:\/\/val.sfp.fi\/valfardsomradesval\/\",\"name\":\"SFP - V\u00e4lf\u00e4rdsomr\u00e5desval 2025\",\"description\":\"\",\"publisher\":{\"@id\":\"https:\/\/val.sfp.fi\/valfardsomradesval\/#organization\"},\"potentialAction\":[{\"@type\":\"SearchAction\",\"target\":{\"@type\":\"EntryPoint\",\"urlTemplate\":\"https:\/\/val.sfp.fi\/valfardsomradesval\/?s={search_term_string}\"},\"query-input\":{\"@type\":\"PropertyValueSpecification\",\"valueRequired\":true,\"valueName\":\"search_term_string\"}}],\"inLanguage\":\"sv-SE\"},{\"@type\":\"Organization\",\"@id\":\"https:\/\/val.sfp.fi\/valfardsomradesval\/#organization\",\"name\":\"SFP RKP\",\"url\":\"https:\/\/val.sfp.fi\/valfardsomradesval\/\",\"logo\":{\"@type\":\"ImageObject\",\"inLanguage\":\"sv-SE\",\"@id\":\"https:\/\/val.sfp.fi\/valfardsomradesval\/#\/schema\/logo\/image\/\",\"url\":\"https:\/\/val.sfp.fi\/valfardsomradesval\/wp-content\/uploads\/SFP-RKP-logo.jpg\",\"contentUrl\":\"https:\/\/val.sfp.fi\/valfardsomradesval\/wp-content\/uploads\/SFP-RKP-logo.jpg\",\"width\":1483,\"height\":1483,\"caption\":\"SFP RKP\"},\"image\":{\"@id\":\"https:\/\/val.sfp.fi\/valfardsomradesval\/#\/schema\/logo\/image\/\"},\"sameAs\":[\"https:\/\/www.facebook.com\/sfprkp\/\",\"https:\/\/x.com\/sfprkp\",\"https:\/\/www.instagram.com\/sfprkp\/\",\"https:\/\/www.youtube.com\/sfprkp\",\"https:\/\/sv.wikipedia.org\/wiki\/Svenska_folkpartiet\"]}]}<\/script>\n<!-- \/ Yoast SEO plugin. -->","yoast_head_json":{"title":"RKP L\u00e4nsi-Uudenmaan vaaliohjelma aluevaaleissa &#8212; V\u00e4lf\u00e4rdsomr\u00e5desval 2025","robots":{"index":"index","follow":"follow","max-snippet":"max-snippet:-1","max-image-preview":"max-image-preview:large","max-video-preview":"max-video-preview:-1"},"canonical":"https:\/\/val.sfp.fi\/valfardsomradesval\/fi\/rkp-lansi-uudenmaan-vaaliohjelma-aluevaaleissa\/","og_locale":"sv_SE","og_type":"article","og_title":"RKP L\u00e4nsi-Uudenmaan vaaliohjelma aluevaaleissa &#8212; V\u00e4lf\u00e4rdsomr\u00e5desval 2025","og_description":"Takaisin hyvinvointialueelle (L\u00e4nsi-Uusimaa) RKP pyrkii varmistamaan, ett\u00e4 hoito on korkealaatuista ja kaikkien saatavilla riippumatta asuinpaikkaa, tulotasoa tai \u00e4idinkielt\u00e4. Haluamme kaikkien asukkaiden tuntevan olonsa turvalliseksi riippumatta siit\u00e4, mit\u00e4 palvelutarpeita heill\u00e4 on...","og_url":"https:\/\/val.sfp.fi\/valfardsomradesval\/fi\/rkp-lansi-uudenmaan-vaaliohjelma-aluevaaleissa\/","og_site_name":"V\u00e4lf\u00e4rdsomr\u00e5desval 2025","article_publisher":"https:\/\/www.facebook.com\/sfprkp\/","article_modified_time":"2025-03-10T11:12:40+00:00","og_image":[{"width":1483,"height":1483,"url":"https:\/\/val.sfp.fi\/valfardsomradesval\/wp-content\/uploads\/SFP-RKP-logo.jpg","type":"image\/jpeg"}],"twitter_misc":{"Ber\u00e4knad l\u00e4stid":"3 minuter"},"schema":{"@context":"https:\/\/schema.org","@graph":[{"@type":"WebPage","@id":"https:\/\/val.sfp.fi\/valfardsomradesval\/fi\/rkp-lansi-uudenmaan-vaaliohjelma-aluevaaleissa\/","url":"https:\/\/val.sfp.fi\/valfardsomradesval\/fi\/rkp-lansi-uudenmaan-vaaliohjelma-aluevaaleissa\/","name":"RKP L\u00e4nsi-Uudenmaan vaaliohjelma aluevaaleissa &#8212; V\u00e4lf\u00e4rdsomr\u00e5desval 2025","isPartOf":{"@id":"https:\/\/val.sfp.fi\/valfardsomradesval\/#website"},"datePublished":"2025-03-10T11:11:32+00:00","dateModified":"2025-03-10T11:12:40+00:00","breadcrumb":{"@id":"https:\/\/val.sfp.fi\/valfardsomradesval\/fi\/rkp-lansi-uudenmaan-vaaliohjelma-aluevaaleissa\/#breadcrumb"},"inLanguage":"sv-SE","potentialAction":[{"@type":"ReadAction","target":["https:\/\/val.sfp.fi\/valfardsomradesval\/fi\/rkp-lansi-uudenmaan-vaaliohjelma-aluevaaleissa\/"]}]},{"@type":"BreadcrumbList","@id":"https:\/\/val.sfp.fi\/valfardsomradesval\/fi\/rkp-lansi-uudenmaan-vaaliohjelma-aluevaaleissa\/#breadcrumb","itemListElement":[{"@type":"ListItem","position":1,"name":"Home","item":"https:\/\/val.sfp.fi\/valfardsomradesval\/"},{"@type":"ListItem","position":2,"name":"RKP L\u00e4nsi-Uudenmaan vaaliohjelma aluevaaleissa"}]},{"@type":"WebSite","@id":"https:\/\/val.sfp.fi\/valfardsomradesval\/#website","url":"https:\/\/val.sfp.fi\/valfardsomradesval\/","name":"SFP - V\u00e4lf\u00e4rdsomr\u00e5desval 2025","description":"","publisher":{"@id":"https:\/\/val.sfp.fi\/valfardsomradesval\/#organization"},"potentialAction":[{"@type":"SearchAction","target":{"@type":"EntryPoint","urlTemplate":"https:\/\/val.sfp.fi\/valfardsomradesval\/?s={search_term_string}"},"query-input":{"@type":"PropertyValueSpecification","valueRequired":true,"valueName":"search_term_string"}}],"inLanguage":"sv-SE"},{"@type":"Organization","@id":"https:\/\/val.sfp.fi\/valfardsomradesval\/#organization","name":"SFP RKP","url":"https:\/\/val.sfp.fi\/valfardsomradesval\/","logo":{"@type":"ImageObject","inLanguage":"sv-SE","@id":"https:\/\/val.sfp.fi\/valfardsomradesval\/#\/schema\/logo\/image\/","url":"https:\/\/val.sfp.fi\/valfardsomradesval\/wp-content\/uploads\/SFP-RKP-logo.jpg","contentUrl":"https:\/\/val.sfp.fi\/valfardsomradesval\/wp-content\/uploads\/SFP-RKP-logo.jpg","width":1483,"height":1483,"caption":"SFP RKP"},"image":{"@id":"https:\/\/val.sfp.fi\/valfardsomradesval\/#\/schema\/logo\/image\/"},"sameAs":["https:\/\/www.facebook.com\/sfprkp\/","https:\/\/x.com\/sfprkp","https:\/\/www.instagram.com\/sfprkp\/","https:\/\/www.youtube.com\/sfprkp","https:\/\/sv.wikipedia.org\/wiki\/Svenska_folkpartiet"]}]}},"lang":"fi","translations":{"fi":46339,"sv":46290,"en":46343},"pll_sync_post":[],"_links":{"self":[{"href":"https:\/\/val.sfp.fi\/valfardsomradesval\/wp-json\/wp\/v2\/pages\/46339","targetHints":{"allow":["GET"]}}],"collection":[{"href":"https:\/\/val.sfp.fi\/valfardsomradesval\/wp-json\/wp\/v2\/pages"}],"about":[{"href":"https:\/\/val.sfp.fi\/valfardsomradesval\/wp-json\/wp\/v2\/types\/page"}],"author":[{"embeddable":true,"href":"https:\/\/val.sfp.fi\/valfardsomradesval\/wp-json\/wp\/v2\/users\/2460"}],"replies":[{"embeddable":true,"href":"https:\/\/val.sfp.fi\/valfardsomradesval\/wp-json\/wp\/v2\/comments?post=46339"}],"version-history":[{"count":3,"href":"https:\/\/val.sfp.fi\/valfardsomradesval\/wp-json\/wp\/v2\/pages\/46339\/revisions"}],"predecessor-version":[{"id":46342,"href":"https:\/\/val.sfp.fi\/valfardsomradesval\/wp-json\/wp\/v2\/pages\/46339\/revisions\/46342"}],"wp:attachment":[{"href":"https:\/\/val.sfp.fi\/valfardsomradesval\/wp-json\/wp\/v2\/media?parent=46339"}],"curies":[{"name":"wp","href":"https:\/\/api.w.org\/{rel}","templated":true}]}}