{"id":44776,"date":"2025-02-14T13:59:38","date_gmt":"2025-02-14T11:59:38","guid":{"rendered":"https:\/\/val.sfp.fi\/valfardsomradesval\/?page_id=44776"},"modified":"2025-03-08T19:41:53","modified_gmt":"2025-03-08T17:41:53","slug":"rkp-varsinas-suomen-vaaliohjelma-2025-aluevaaleissa","status":"publish","type":"page","link":"https:\/\/val.sfp.fi\/valfardsomradesval\/fi\/rkp-varsinas-suomen-vaaliohjelma-2025-aluevaaleissa\/","title":{"rendered":"RKP VARSINAIS-SUOMEN VAALIOHJELMA 2025 ALUEVAALEISSA"},"content":{"rendered":"<h4><strong><a href=\"https:\/\/val.sfp.fi\/valfardsomradesval\/wp-content\/uploads\/Valprogram-VO_EF_fi.pdf\" target=\"_blank\" rel=\"noopener\">T\u00e4st\u00e4 voit lukea tai ladata vaalihohjelman PDF:n\u00e4.<\/a><\/strong><\/h4>\n<p><strong><a href=\"https:\/\/val.sfp.fi\/valfardsomradesval\/fi\/hyvinvointialue\/varsinais-suomi\/\">Takaisin hyvinvointialueelle (Varsinais-Suomi)<\/a><\/strong><\/p>\n<h2>RKP:N VAALIOHJELMA VARSINAIS-SUOMEN ALUEVAALEISSA<\/h2>\n<p><strong>Suomen ruotsalainen kansanpuolue (RKP) tekee ty\u00f6t\u00e4 varsinaisuomalaisten palveluiden<\/strong><br \/>\n<strong>puolesta \u2013 my\u00f6s vaalien j\u00e4lkeen!<\/strong><\/p>\n<p>RKP:lle on t\u00e4rke\u00e4\u00e4, ett\u00e4 yksil\u00f6n tarpeet ovat keski\u00f6ss\u00e4 ja tarjottavat palvelut<br \/>\nkorkealaatuisia. L\u00e4hipalvelut ovat hyv\u00e4ksi niin asukkaille kuin ymp\u00e4rist\u00f6lle. Kuluneella<br \/>\nkaudella RKP on valvonut kielellisten palveluiden saatavuutta ja Kaskenm\u00e4en sosiaali- ja<br \/>\nterveysaseman (ent. Turunmaan sairaalan) kehitt\u00e4mist\u00e4. Kaupungeissa, saaristossa ja<br \/>\nmaaseudulla, RKP on onnistunut puolustamaan t\u00e4rkeit\u00e4 l\u00e4hipalveluja.<\/p>\n<p><strong>RKP haluaa:<\/strong><br \/>\n&#8211; ett\u00e4 palvelupisteet l\u00f6ytyv\u00e4t l\u00e4hell\u00e4 sinua<br \/>\n&#8211; ett\u00e4 p\u00e4\u00e4sy sosiaali- ja terveyspalveluihin sujuu ilman turhia viiveit\u00e4<br \/>\n&#8211; ett\u00e4 lapset, nuoret ja perheet saavat tarvitsemansa tuen<br \/>\n&#8211; ett\u00e4 kaikki hyvinvointialueen toiminta on tasa-arvoista ja kohtelu yhdenvertaista<br \/>\n&#8211; ett\u00e4 mielenterveyspalveluille taataan riitt\u00e4v\u00e4t resurssit<br \/>\n-kehitt\u00e4\u00e4 \u00e4itiyspalveluja ja vahvistaa synnytyksen j\u00e4lkeist\u00e4 hoitoa<br \/>\n&#8211; ett\u00e4 pelastuspalvelut toimivatkaupungissa ja saaristossa<br \/>\n&#8211; ett\u00e4 vapaapalokunnilla on riitt\u00e4v\u00e4t resurssit<br \/>\n&#8211; panostaa henkil\u00f6kunnan hyvinvointiin<br \/>\n&#8211; ett\u00e4 Kaskenm\u00e4en sosiaali- ja terveysasemasta saadaan toimiva kokonaisuus<br \/>\n&#8211; ett\u00e4 vammaispalvelut toimivat<br \/>\n&#8211; ett\u00e4 ik\u00e4\u00e4ntyminen on turvallista ja palvelut riitt\u00e4vi\u00e4.<\/p>\n","protected":false},"excerpt":{"rendered":"<p>T\u00e4st\u00e4 voit lukea tai ladata vaalihohjelman PDF:n\u00e4. Takaisin hyvinvointialueelle (Varsinais-Suomi) RKP:N VAALIOHJELMA VARSINAIS-SUOMEN ALUEVAALEISSA Suomen ruotsalainen kansanpuolue (RKP) tekee ty\u00f6t\u00e4 varsinaisuomalaisten palveluiden puolesta \u2013 my\u00f6s vaalien j\u00e4lkeen! RKP:lle on t\u00e4rke\u00e4\u00e4,<a class=\"excerpt-read-more\" href=\"https:\/\/val.sfp.fi\/valfardsomradesval\/fi\/rkp-varsinas-suomen-vaaliohjelma-2025-aluevaaleissa\/\" title=\"L\u00e4sRKP VARSINAIS-SUOMEN VAALIOHJELMA 2025 ALUEVAALEISSA\">&#8230;<\/a><\/p>\n","protected":false},"author":145,"featured_media":0,"parent":0,"menu_order":0,"comment_status":"closed","ping_status":"closed","template":"","meta":{"_acf_changed":false,"footnotes":""},"class_list":["post-44776","page","type-page","status-publish","hentry"],"acf":[],"yoast_head":"<!-- This site is optimized with the Yoast SEO plugin v27.2 - https:\/\/yoast.com\/product\/yoast-seo-wordpress\/ -->\n<title>RKP VARSINAIS-SUOMEN VAALIOHJELMA 2025 ALUEVAALEISSA &#8212; V\u00e4lf\u00e4rdsomr\u00e5desval 2025<\/title>\n<meta name=\"robots\" content=\"index, follow, max-snippet:-1, max-image-preview:large, max-video-preview:-1\" \/>\n<link rel=\"canonical\" href=\"https:\/\/val.sfp.fi\/valfardsomradesval\/fi\/rkp-varsinas-suomen-vaaliohjelma-2025-aluevaaleissa\/\" \/>\n<meta property=\"og:locale\" content=\"sv_SE\" \/>\n<meta property=\"og:type\" content=\"article\" \/>\n<meta property=\"og:title\" content=\"RKP VARSINAIS-SUOMEN VAALIOHJELMA 2025 ALUEVAALEISSA &#8212; V\u00e4lf\u00e4rdsomr\u00e5desval 2025\" \/>\n<meta property=\"og:description\" content=\"T\u00e4st\u00e4 voit lukea tai ladata vaalihohjelman PDF:n\u00e4. Takaisin hyvinvointialueelle (Varsinais-Suomi) RKP:N VAALIOHJELMA VARSINAIS-SUOMEN ALUEVAALEISSA Suomen ruotsalainen kansanpuolue (RKP) tekee ty\u00f6t\u00e4 varsinaisuomalaisten palveluiden puolesta \u2013 my\u00f6s vaalien j\u00e4lkeen! RKP:lle on t\u00e4rke\u00e4\u00e4,...\" \/>\n<meta property=\"og:url\" content=\"https:\/\/val.sfp.fi\/valfardsomradesval\/fi\/rkp-varsinas-suomen-vaaliohjelma-2025-aluevaaleissa\/\" \/>\n<meta property=\"og:site_name\" content=\"V\u00e4lf\u00e4rdsomr\u00e5desval 2025\" \/>\n<meta property=\"article:publisher\" content=\"https:\/\/www.facebook.com\/sfprkp\/\" \/>\n<meta property=\"article:modified_time\" content=\"2025-03-08T17:41:53+00:00\" \/>\n<meta property=\"og:image\" content=\"https:\/\/val.sfp.fi\/valfardsomradesval\/wp-content\/uploads\/SFP-RKP-logo.jpg\" \/>\n\t<meta property=\"og:image:width\" content=\"1483\" \/>\n\t<meta property=\"og:image:height\" content=\"1483\" \/>\n\t<meta property=\"og:image:type\" content=\"image\/jpeg\" \/>\n<meta name=\"twitter:label1\" content=\"Ber\u00e4knad l\u00e4stid\" \/>\n\t<meta name=\"twitter:data1\" content=\"1 minut\" \/>\n<script type=\"application\/ld+json\" class=\"yoast-schema-graph\">{\"@context\":\"https:\/\/schema.org\",\"@graph\":[{\"@type\":\"WebPage\",\"@id\":\"https:\/\/val.sfp.fi\/valfardsomradesval\/fi\/rkp-varsinas-suomen-vaaliohjelma-2025-aluevaaleissa\/\",\"url\":\"https:\/\/val.sfp.fi\/valfardsomradesval\/fi\/rkp-varsinas-suomen-vaaliohjelma-2025-aluevaaleissa\/\",\"name\":\"RKP VARSINAIS-SUOMEN VAALIOHJELMA 2025 ALUEVAALEISSA &#8212; V\u00e4lf\u00e4rdsomr\u00e5desval 2025\",\"isPartOf\":{\"@id\":\"https:\/\/val.sfp.fi\/valfardsomradesval\/#website\"},\"datePublished\":\"2025-02-14T11:59:38+00:00\",\"dateModified\":\"2025-03-08T17:41:53+00:00\",\"breadcrumb\":{\"@id\":\"https:\/\/val.sfp.fi\/valfardsomradesval\/fi\/rkp-varsinas-suomen-vaaliohjelma-2025-aluevaaleissa\/#breadcrumb\"},\"inLanguage\":\"sv-SE\",\"potentialAction\":[{\"@type\":\"ReadAction\",\"target\":[\"https:\/\/val.sfp.fi\/valfardsomradesval\/fi\/rkp-varsinas-suomen-vaaliohjelma-2025-aluevaaleissa\/\"]}]},{\"@type\":\"BreadcrumbList\",\"@id\":\"https:\/\/val.sfp.fi\/valfardsomradesval\/fi\/rkp-varsinas-suomen-vaaliohjelma-2025-aluevaaleissa\/#breadcrumb\",\"itemListElement\":[{\"@type\":\"ListItem\",\"position\":1,\"name\":\"Home\",\"item\":\"https:\/\/val.sfp.fi\/valfardsomradesval\/\"},{\"@type\":\"ListItem\",\"position\":2,\"name\":\"RKP VARSINAIS-SUOMEN VAALIOHJELMA 2025 ALUEVAALEISSA\"}]},{\"@type\":\"WebSite\",\"@id\":\"https:\/\/val.sfp.fi\/valfardsomradesval\/#website\",\"url\":\"https:\/\/val.sfp.fi\/valfardsomradesval\/\",\"name\":\"SFP - V\u00e4lf\u00e4rdsomr\u00e5desval 2025\",\"description\":\"\",\"publisher\":{\"@id\":\"https:\/\/val.sfp.fi\/valfardsomradesval\/#organization\"},\"potentialAction\":[{\"@type\":\"SearchAction\",\"target\":{\"@type\":\"EntryPoint\",\"urlTemplate\":\"https:\/\/val.sfp.fi\/valfardsomradesval\/?s={search_term_string}\"},\"query-input\":{\"@type\":\"PropertyValueSpecification\",\"valueRequired\":true,\"valueName\":\"search_term_string\"}}],\"inLanguage\":\"sv-SE\"},{\"@type\":\"Organization\",\"@id\":\"https:\/\/val.sfp.fi\/valfardsomradesval\/#organization\",\"name\":\"SFP RKP\",\"url\":\"https:\/\/val.sfp.fi\/valfardsomradesval\/\",\"logo\":{\"@type\":\"ImageObject\",\"inLanguage\":\"sv-SE\",\"@id\":\"https:\/\/val.sfp.fi\/valfardsomradesval\/#\/schema\/logo\/image\/\",\"url\":\"https:\/\/val.sfp.fi\/valfardsomradesval\/wp-content\/uploads\/SFP-RKP-logo.jpg\",\"contentUrl\":\"https:\/\/val.sfp.fi\/valfardsomradesval\/wp-content\/uploads\/SFP-RKP-logo.jpg\",\"width\":1483,\"height\":1483,\"caption\":\"SFP RKP\"},\"image\":{\"@id\":\"https:\/\/val.sfp.fi\/valfardsomradesval\/#\/schema\/logo\/image\/\"},\"sameAs\":[\"https:\/\/www.facebook.com\/sfprkp\/\",\"https:\/\/x.com\/sfprkp\",\"https:\/\/www.instagram.com\/sfprkp\/\",\"https:\/\/www.youtube.com\/sfprkp\",\"https:\/\/sv.wikipedia.org\/wiki\/Svenska_folkpartiet\"]}]}<\/script>\n<!-- \/ Yoast SEO plugin. -->","yoast_head_json":{"title":"RKP VARSINAIS-SUOMEN VAALIOHJELMA 2025 ALUEVAALEISSA &#8212; V\u00e4lf\u00e4rdsomr\u00e5desval 2025","robots":{"index":"index","follow":"follow","max-snippet":"max-snippet:-1","max-image-preview":"max-image-preview:large","max-video-preview":"max-video-preview:-1"},"canonical":"https:\/\/val.sfp.fi\/valfardsomradesval\/fi\/rkp-varsinas-suomen-vaaliohjelma-2025-aluevaaleissa\/","og_locale":"sv_SE","og_type":"article","og_title":"RKP VARSINAIS-SUOMEN VAALIOHJELMA 2025 ALUEVAALEISSA &#8212; V\u00e4lf\u00e4rdsomr\u00e5desval 2025","og_description":"T\u00e4st\u00e4 voit lukea tai ladata vaalihohjelman PDF:n\u00e4. Takaisin hyvinvointialueelle (Varsinais-Suomi) RKP:N VAALIOHJELMA VARSINAIS-SUOMEN ALUEVAALEISSA Suomen ruotsalainen kansanpuolue (RKP) tekee ty\u00f6t\u00e4 varsinaisuomalaisten palveluiden puolesta \u2013 my\u00f6s vaalien j\u00e4lkeen! RKP:lle on t\u00e4rke\u00e4\u00e4,...","og_url":"https:\/\/val.sfp.fi\/valfardsomradesval\/fi\/rkp-varsinas-suomen-vaaliohjelma-2025-aluevaaleissa\/","og_site_name":"V\u00e4lf\u00e4rdsomr\u00e5desval 2025","article_publisher":"https:\/\/www.facebook.com\/sfprkp\/","article_modified_time":"2025-03-08T17:41:53+00:00","og_image":[{"width":1483,"height":1483,"url":"https:\/\/val.sfp.fi\/valfardsomradesval\/wp-content\/uploads\/SFP-RKP-logo.jpg","type":"image\/jpeg"}],"twitter_misc":{"Ber\u00e4knad l\u00e4stid":"1 minut"},"schema":{"@context":"https:\/\/schema.org","@graph":[{"@type":"WebPage","@id":"https:\/\/val.sfp.fi\/valfardsomradesval\/fi\/rkp-varsinas-suomen-vaaliohjelma-2025-aluevaaleissa\/","url":"https:\/\/val.sfp.fi\/valfardsomradesval\/fi\/rkp-varsinas-suomen-vaaliohjelma-2025-aluevaaleissa\/","name":"RKP VARSINAIS-SUOMEN VAALIOHJELMA 2025 ALUEVAALEISSA &#8212; V\u00e4lf\u00e4rdsomr\u00e5desval 2025","isPartOf":{"@id":"https:\/\/val.sfp.fi\/valfardsomradesval\/#website"},"datePublished":"2025-02-14T11:59:38+00:00","dateModified":"2025-03-08T17:41:53+00:00","breadcrumb":{"@id":"https:\/\/val.sfp.fi\/valfardsomradesval\/fi\/rkp-varsinas-suomen-vaaliohjelma-2025-aluevaaleissa\/#breadcrumb"},"inLanguage":"sv-SE","potentialAction":[{"@type":"ReadAction","target":["https:\/\/val.sfp.fi\/valfardsomradesval\/fi\/rkp-varsinas-suomen-vaaliohjelma-2025-aluevaaleissa\/"]}]},{"@type":"BreadcrumbList","@id":"https:\/\/val.sfp.fi\/valfardsomradesval\/fi\/rkp-varsinas-suomen-vaaliohjelma-2025-aluevaaleissa\/#breadcrumb","itemListElement":[{"@type":"ListItem","position":1,"name":"Home","item":"https:\/\/val.sfp.fi\/valfardsomradesval\/"},{"@type":"ListItem","position":2,"name":"RKP VARSINAIS-SUOMEN VAALIOHJELMA 2025 ALUEVAALEISSA"}]},{"@type":"WebSite","@id":"https:\/\/val.sfp.fi\/valfardsomradesval\/#website","url":"https:\/\/val.sfp.fi\/valfardsomradesval\/","name":"SFP - V\u00e4lf\u00e4rdsomr\u00e5desval 2025","description":"","publisher":{"@id":"https:\/\/val.sfp.fi\/valfardsomradesval\/#organization"},"potentialAction":[{"@type":"SearchAction","target":{"@type":"EntryPoint","urlTemplate":"https:\/\/val.sfp.fi\/valfardsomradesval\/?s={search_term_string}"},"query-input":{"@type":"PropertyValueSpecification","valueRequired":true,"valueName":"search_term_string"}}],"inLanguage":"sv-SE"},{"@type":"Organization","@id":"https:\/\/val.sfp.fi\/valfardsomradesval\/#organization","name":"SFP RKP","url":"https:\/\/val.sfp.fi\/valfardsomradesval\/","logo":{"@type":"ImageObject","inLanguage":"sv-SE","@id":"https:\/\/val.sfp.fi\/valfardsomradesval\/#\/schema\/logo\/image\/","url":"https:\/\/val.sfp.fi\/valfardsomradesval\/wp-content\/uploads\/SFP-RKP-logo.jpg","contentUrl":"https:\/\/val.sfp.fi\/valfardsomradesval\/wp-content\/uploads\/SFP-RKP-logo.jpg","width":1483,"height":1483,"caption":"SFP RKP"},"image":{"@id":"https:\/\/val.sfp.fi\/valfardsomradesval\/#\/schema\/logo\/image\/"},"sameAs":["https:\/\/www.facebook.com\/sfprkp\/","https:\/\/x.com\/sfprkp","https:\/\/www.instagram.com\/sfprkp\/","https:\/\/www.youtube.com\/sfprkp","https:\/\/sv.wikipedia.org\/wiki\/Svenska_folkpartiet"]}]}},"lang":"fi","translations":{"fi":44776,"sv":46262,"en":44781},"pll_sync_post":[],"_links":{"self":[{"href":"https:\/\/val.sfp.fi\/valfardsomradesval\/wp-json\/wp\/v2\/pages\/44776","targetHints":{"allow":["GET"]}}],"collection":[{"href":"https:\/\/val.sfp.fi\/valfardsomradesval\/wp-json\/wp\/v2\/pages"}],"about":[{"href":"https:\/\/val.sfp.fi\/valfardsomradesval\/wp-json\/wp\/v2\/types\/page"}],"author":[{"embeddable":true,"href":"https:\/\/val.sfp.fi\/valfardsomradesval\/wp-json\/wp\/v2\/users\/145"}],"replies":[{"embeddable":true,"href":"https:\/\/val.sfp.fi\/valfardsomradesval\/wp-json\/wp\/v2\/comments?post=44776"}],"version-history":[{"count":7,"href":"https:\/\/val.sfp.fi\/valfardsomradesval\/wp-json\/wp\/v2\/pages\/44776\/revisions"}],"predecessor-version":[{"id":46305,"href":"https:\/\/val.sfp.fi\/valfardsomradesval\/wp-json\/wp\/v2\/pages\/44776\/revisions\/46305"}],"wp:attachment":[{"href":"https:\/\/val.sfp.fi\/valfardsomradesval\/wp-json\/wp\/v2\/media?parent=44776"}],"curies":[{"name":"wp","href":"https:\/\/api.w.org\/{rel}","templated":true}]}}