{"id":44465,"date":"2025-02-05T10:04:33","date_gmt":"2025-02-05T08:04:33","guid":{"rendered":"https:\/\/val.sfp.fi\/valfardsomradesval\/?page_id=44465"},"modified":"2025-02-05T10:10:45","modified_gmt":"2025-02-05T08:10:45","slug":"valprogram-for-osterbottens-och-mellersta-osterbottens-valfardsomraden","status":"publish","type":"page","link":"https:\/\/val.sfp.fi\/valfardsomradesval\/valprogram-for-osterbottens-och-mellersta-osterbottens-valfardsomraden\/","title":{"rendered":"Valprogram f\u00f6r \u00d6sterbottens och Mellersta \u00d6sterbottens v\u00e4lf\u00e4rdsomr\u00e5den"},"content":{"rendered":"<h4><strong><a href=\"https:\/\/val.sfp.fi\/valfardsomradesval\/wp-content\/uploads\/VO-val_program_Osterbotten.pdf\">H\u00e4r kan du l\u00e4sa valprogrammet som PDF.<\/a><\/strong><\/h4>\n<p><strong><a href=\"https:\/\/val.sfp.fi\/valfardsomradesval\/valfardsomrade\/osterbotten\/\">Tillbaka till v\u00e4lf\u00e4rdsomr\u00e5de (\u00d6sterbotten)<\/a><\/strong><\/p>\n<p><strong><a href=\"https:\/\/val.sfp.fi\/valfardsomradesval\/valfardsomrade\/mellersta-osterbotten\/\">Tillbaka till v\u00e4lf\u00e4rdsomr\u00e5de (Mellersta \u00d6sterbotten)<\/a><\/strong><\/p>\n<h2>SFP:S VALPROGRAM I V\u00c4LF\u00c4RDSOMR\u00c5DESVALET I \u00d6STERBOTTEN OCH MELLERSTA \u00d6STERBOTTEN<\/h2>\n<p>I v\u00e4lf\u00e4rdsomr\u00e5desvalet r\u00f6star vi om hur vi ska ordna v\u00e5rd, omsorg och r\u00e4ddningstj\u00e4nster. I det h\u00e4r valprogrammet hittar du v\u00e5ra viktigaste fr\u00e5gor, som alla SFP:s kandidater jobbar f\u00f6r.<\/p>\n<p>SFP jobbar f\u00f6r att v\u00e5r region ska vara framst\u00e5ende nationellt och internationellt, vilket inneb\u00e4r att vi vill att v\u00e5rden ska vara h\u00f6gklassig och tillg\u00e4nglig f\u00f6r alla, ung som gammal. Vi vill att alla inv\u00e5nare ska k\u00e4nna sig trygga oavsett vilket behov av service man har eller i vilket skede av livet man befinner sig.<\/p>\n<h3>TILLG\u00c4NGLIGHET<\/h3>\n<p>Social- och h\u00e4lsov\u00e5rden ska vara tillg\u00e4nglig. Det ska vara l\u00e4tt att f\u00e5 kontakt med v\u00e5rden, oavsett vilket kontakts\u00e4tt du f\u00f6redrar. Det ska vara l\u00e5g tr\u00f6skel f\u00f6r att be om hj\u00e4lp, oavsett vad det handlar om. Tj\u00e4nsterna som erbjuds ska vara m\u00e5ngsidiga och svara p\u00e5 det behov som finns.<\/p>\n<p>Du ska f\u00e5 v\u00e5rd i r\u00e4tt tid och p\u00e5 r\u00e4tt niv\u00e5. Vi vill satsa p\u00e5 f\u00f6rebyggande tj\u00e4nster, men vid sjukdom eller olycka ska du f\u00e5 h\u00f6gklassig sjukv\u00e5rd. Centralsjukhuset finns till f\u00f6r alla omr\u00e5dets inv\u00e5nare och du ska f\u00e5 v\u00e5rd p\u00e5 eget modersm\u00e5l.<\/p>\n<p>De geografiska avst\u00e5ndena kan endast delvis \u00f6verbyggas av distanstj\u00e4nster. Punkter f\u00f6r n\u00e4rservice ska finnas kvar men de digitala och mobila tj\u00e4nsterna beh\u00f6ver utvecklas kraftigt.<\/p>\n<h3>TRYGGHET<\/h3>\n<p>Fungerande socialv\u00e5rdstj\u00e4nster ska vara en sj\u00e4lvklarhet. M\u00e4nniskan ska v\u00e5rdas som en helhet, vilket betyder att du inte ska bollas fr\u00e5n lucka till lucka utan tj\u00e4nsterna ska fungera s\u00f6ml\u00f6st tillsammans p\u00e5 dina villkor. Psykosociala tj\u00e4nster ska finnas med l\u00e5g tr\u00f6skel.<\/p>\n<p>En trygg \u00e4ldreomsorg \u00e5stadkommer vi b\u00e4st genom ett brett utbud av tj\u00e4nster. Du ska k\u00e4nna dig trygg att bo hemma och kunna vara s\u00e4ker p\u00e5 att du f\u00e5r hj\u00e4lp n\u00e4r du beh\u00f6ver det. Nya l\u00f6sningar beh\u00f6vs f\u00f6r att tj\u00e4nsterna ska r\u00e4cka till alla.<\/p>\n<p>Ambulans, brandk\u00e5r och andra r\u00e4ddningstj\u00e4nster ska vara p\u00e5litliga. Du ska kunna lita p\u00e5 att hj\u00e4lp kommer, om det v\u00e4rsta skulle h\u00e4nda, oavsett plats eller tid p\u00e5 dygnet. Vi jobbar f\u00f6r att trygga tillr\u00e4ckliga resurser f\u00f6r att uppr\u00e4tth\u00e5lla beredskapen, \u00e4ven i gr\u00e4nsomr\u00e5den, p\u00e5 landsbygden och i sk\u00e4rg\u00e5rden.<\/p>\n<h3>TILLIT<\/h3>\n<p>V\u00e4lf\u00e4rdsomr\u00e5denas f\u00f6rsta \u00e5r har varit utmanande och de ekonomiska ramarna \u00e4r str\u00e4nga. V\u00e5rden, omsorgen och r\u00e4ddningstj\u00e4nsterna i Finland \u00e4r bland de b\u00e4sta i hela v\u00e4rlden. Vi vill att forts\u00e4tta ha det s\u00e5, men det kr\u00e4ver utveckling och nya tj\u00e4nster.<\/p>\n<p>En bra personalpolitik \u00e4r nyckeln till v\u00e4lf\u00e4rdsomr\u00e5denas framg\u00e5ng. Vi vill skapa arbetsro f\u00f6r personalen. Anst\u00e4llda ska kunna p\u00e5verka sitt jobb och de ska f\u00e5 utf\u00f6ra de uppgifter de \u00e4r utbildade till. En motiverad och kunnig personal \u00e4r en f\u00f6ruts\u00e4ttning f\u00f6r fungerande v\u00e4lf\u00e4rdsomr\u00e5den.<\/p>\n<p>SFP:s beslutsfattare \u00e4r kunniga och ansvarstagande. Vi k\u00e4nner till v\u00e5r region; vilka utmaningar, styrkor och behov som finns.<\/p>\n<p><img loading=\"lazy\" decoding=\"async\" class=\"alignnone size-medium wp-image-44466\" src=\"https:\/\/val.sfp.fi\/valfardsomradesval\/wp-content\/uploads\/OBMOB-555x600.png\" alt=\"\" width=\"555\" height=\"600\" srcset=\"https:\/\/val.sfp.fi\/valfardsomradesval\/wp-content\/uploads\/OBMOB-555x600.png 555w, https:\/\/val.sfp.fi\/valfardsomradesval\/wp-content\/uploads\/OBMOB-768x830.png 768w, https:\/\/val.sfp.fi\/valfardsomradesval\/wp-content\/uploads\/OBMOB.png 792w\" sizes=\"auto, (max-width: 555px) 100vw, 555px\" \/><\/p>\n<p><strong><a href=\"https:\/\/val.sfp.fi\/valfardsomradesval\/valfardsomrade\/osterbotten\/\">Tillbaka till v\u00e4lf\u00e4rdsomr\u00e5de (\u00d6sterbotten)<\/a><\/strong><\/p>\n<p><strong><a href=\"https:\/\/val.sfp.fi\/valfardsomradesval\/valfardsomrade\/mellersta-osterbotten\/\">Tillbaka till v\u00e4lf\u00e4rdsomr\u00e5de (Mellersta \u00d6sterbotten)<\/a><\/strong><\/p>\n","protected":false},"excerpt":{"rendered":"<p>H\u00e4r kan du l\u00e4sa valprogrammet som PDF. Tillbaka till v\u00e4lf\u00e4rdsomr\u00e5de (\u00d6sterbotten) Tillbaka till v\u00e4lf\u00e4rdsomr\u00e5de (Mellersta \u00d6sterbotten) SFP:S VALPROGRAM I V\u00c4LF\u00c4RDSOMR\u00c5DESVALET I \u00d6STERBOTTEN OCH MELLERSTA \u00d6STERBOTTEN I v\u00e4lf\u00e4rdsomr\u00e5desvalet r\u00f6star vi om<a class=\"excerpt-read-more\" href=\"https:\/\/val.sfp.fi\/valfardsomradesval\/valprogram-for-osterbottens-och-mellersta-osterbottens-valfardsomraden\/\" title=\"L\u00e4sValprogram f\u00f6r \u00d6sterbottens och Mellersta \u00d6sterbottens v\u00e4lf\u00e4rdsomr\u00e5den\">&#8230;<\/a><\/p>\n","protected":false},"author":145,"featured_media":0,"parent":0,"menu_order":0,"comment_status":"closed","ping_status":"closed","template":"","meta":{"_acf_changed":false,"footnotes":""},"class_list":["post-44465","page","type-page","status-publish","hentry"],"acf":[],"yoast_head":"<!-- This site is optimized with the Yoast SEO plugin v27.2 - https:\/\/yoast.com\/product\/yoast-seo-wordpress\/ -->\n<title>Valprogram f\u00f6r \u00d6sterbottens och Mellersta \u00d6sterbottens v\u00e4lf\u00e4rdsomr\u00e5den &#8212; V\u00e4lf\u00e4rdsomr\u00e5desval 2025<\/title>\n<meta name=\"robots\" content=\"index, follow, max-snippet:-1, max-image-preview:large, max-video-preview:-1\" \/>\n<link rel=\"canonical\" href=\"https:\/\/val.sfp.fi\/valfardsomradesval\/valprogram-for-osterbottens-och-mellersta-osterbottens-valfardsomraden\/\" \/>\n<meta property=\"og:locale\" content=\"sv_SE\" \/>\n<meta property=\"og:type\" content=\"article\" \/>\n<meta property=\"og:title\" content=\"Valprogram f\u00f6r \u00d6sterbottens och Mellersta \u00d6sterbottens v\u00e4lf\u00e4rdsomr\u00e5den &#8212; V\u00e4lf\u00e4rdsomr\u00e5desval 2025\" \/>\n<meta property=\"og:description\" content=\"H\u00e4r kan du l\u00e4sa valprogrammet som PDF. Tillbaka till v\u00e4lf\u00e4rdsomr\u00e5de (\u00d6sterbotten) Tillbaka till v\u00e4lf\u00e4rdsomr\u00e5de (Mellersta \u00d6sterbotten) SFP:S VALPROGRAM I V\u00c4LF\u00c4RDSOMR\u00c5DESVALET I \u00d6STERBOTTEN OCH MELLERSTA \u00d6STERBOTTEN I v\u00e4lf\u00e4rdsomr\u00e5desvalet r\u00f6star vi om...\" \/>\n<meta property=\"og:url\" content=\"https:\/\/val.sfp.fi\/valfardsomradesval\/valprogram-for-osterbottens-och-mellersta-osterbottens-valfardsomraden\/\" \/>\n<meta property=\"og:site_name\" content=\"V\u00e4lf\u00e4rdsomr\u00e5desval 2025\" \/>\n<meta property=\"article:publisher\" content=\"https:\/\/www.facebook.com\/sfprkp\/\" \/>\n<meta property=\"article:modified_time\" content=\"2025-02-05T08:10:45+00:00\" \/>\n<meta property=\"og:image\" content=\"https:\/\/val.sfp.fi\/valfardsomradesval\/wp-content\/uploads\/OBMOB.png\" \/>\n\t<meta property=\"og:image:width\" content=\"792\" \/>\n\t<meta property=\"og:image:height\" content=\"856\" \/>\n\t<meta property=\"og:image:type\" content=\"image\/png\" \/>\n<meta name=\"twitter:label1\" content=\"Ber\u00e4knad l\u00e4stid\" \/>\n\t<meta name=\"twitter:data1\" content=\"3 minuter\" \/>\n<script type=\"application\/ld+json\" class=\"yoast-schema-graph\">{\"@context\":\"https:\/\/schema.org\",\"@graph\":[{\"@type\":\"WebPage\",\"@id\":\"https:\/\/val.sfp.fi\/valfardsomradesval\/valprogram-for-osterbottens-och-mellersta-osterbottens-valfardsomraden\/\",\"url\":\"https:\/\/val.sfp.fi\/valfardsomradesval\/valprogram-for-osterbottens-och-mellersta-osterbottens-valfardsomraden\/\",\"name\":\"Valprogram f\u00f6r \u00d6sterbottens och Mellersta \u00d6sterbottens v\u00e4lf\u00e4rdsomr\u00e5den &#8212; V\u00e4lf\u00e4rdsomr\u00e5desval 2025\",\"isPartOf\":{\"@id\":\"https:\/\/val.sfp.fi\/valfardsomradesval\/#website\"},\"primaryImageOfPage\":{\"@id\":\"https:\/\/val.sfp.fi\/valfardsomradesval\/valprogram-for-osterbottens-och-mellersta-osterbottens-valfardsomraden\/#primaryimage\"},\"image\":{\"@id\":\"https:\/\/val.sfp.fi\/valfardsomradesval\/valprogram-for-osterbottens-och-mellersta-osterbottens-valfardsomraden\/#primaryimage\"},\"thumbnailUrl\":\"https:\/\/val.sfp.fi\/valfardsomradesval\/wp-content\/uploads\/OBMOB-555x600.png\",\"datePublished\":\"2025-02-05T08:04:33+00:00\",\"dateModified\":\"2025-02-05T08:10:45+00:00\",\"breadcrumb\":{\"@id\":\"https:\/\/val.sfp.fi\/valfardsomradesval\/valprogram-for-osterbottens-och-mellersta-osterbottens-valfardsomraden\/#breadcrumb\"},\"inLanguage\":\"sv-SE\",\"potentialAction\":[{\"@type\":\"ReadAction\",\"target\":[\"https:\/\/val.sfp.fi\/valfardsomradesval\/valprogram-for-osterbottens-och-mellersta-osterbottens-valfardsomraden\/\"]}]},{\"@type\":\"ImageObject\",\"inLanguage\":\"sv-SE\",\"@id\":\"https:\/\/val.sfp.fi\/valfardsomradesval\/valprogram-for-osterbottens-och-mellersta-osterbottens-valfardsomraden\/#primaryimage\",\"url\":\"https:\/\/val.sfp.fi\/valfardsomradesval\/wp-content\/uploads\/OBMOB.png\",\"contentUrl\":\"https:\/\/val.sfp.fi\/valfardsomradesval\/wp-content\/uploads\/OBMOB.png\",\"width\":792,\"height\":856},{\"@type\":\"BreadcrumbList\",\"@id\":\"https:\/\/val.sfp.fi\/valfardsomradesval\/valprogram-for-osterbottens-och-mellersta-osterbottens-valfardsomraden\/#breadcrumb\",\"itemListElement\":[{\"@type\":\"ListItem\",\"position\":1,\"name\":\"Home\",\"item\":\"https:\/\/val.sfp.fi\/valfardsomradesval\/\"},{\"@type\":\"ListItem\",\"position\":2,\"name\":\"Valprogram f\u00f6r \u00d6sterbottens och Mellersta \u00d6sterbottens v\u00e4lf\u00e4rdsomr\u00e5den\"}]},{\"@type\":\"WebSite\",\"@id\":\"https:\/\/val.sfp.fi\/valfardsomradesval\/#website\",\"url\":\"https:\/\/val.sfp.fi\/valfardsomradesval\/\",\"name\":\"SFP - V\u00e4lf\u00e4rdsomr\u00e5desval 2025\",\"description\":\"\",\"publisher\":{\"@id\":\"https:\/\/val.sfp.fi\/valfardsomradesval\/#organization\"},\"potentialAction\":[{\"@type\":\"SearchAction\",\"target\":{\"@type\":\"EntryPoint\",\"urlTemplate\":\"https:\/\/val.sfp.fi\/valfardsomradesval\/?s={search_term_string}\"},\"query-input\":{\"@type\":\"PropertyValueSpecification\",\"valueRequired\":true,\"valueName\":\"search_term_string\"}}],\"inLanguage\":\"sv-SE\"},{\"@type\":\"Organization\",\"@id\":\"https:\/\/val.sfp.fi\/valfardsomradesval\/#organization\",\"name\":\"SFP RKP\",\"url\":\"https:\/\/val.sfp.fi\/valfardsomradesval\/\",\"logo\":{\"@type\":\"ImageObject\",\"inLanguage\":\"sv-SE\",\"@id\":\"https:\/\/val.sfp.fi\/valfardsomradesval\/#\/schema\/logo\/image\/\",\"url\":\"https:\/\/val.sfp.fi\/valfardsomradesval\/wp-content\/uploads\/SFP-RKP-logo.jpg\",\"contentUrl\":\"https:\/\/val.sfp.fi\/valfardsomradesval\/wp-content\/uploads\/SFP-RKP-logo.jpg\",\"width\":1483,\"height\":1483,\"caption\":\"SFP RKP\"},\"image\":{\"@id\":\"https:\/\/val.sfp.fi\/valfardsomradesval\/#\/schema\/logo\/image\/\"},\"sameAs\":[\"https:\/\/www.facebook.com\/sfprkp\/\",\"https:\/\/x.com\/sfprkp\",\"https:\/\/www.instagram.com\/sfprkp\/\",\"https:\/\/www.youtube.com\/sfprkp\",\"https:\/\/sv.wikipedia.org\/wiki\/Svenska_folkpartiet\"]}]}<\/script>\n<!-- \/ Yoast SEO plugin. -->","yoast_head_json":{"title":"Valprogram f\u00f6r \u00d6sterbottens och Mellersta \u00d6sterbottens v\u00e4lf\u00e4rdsomr\u00e5den &#8212; V\u00e4lf\u00e4rdsomr\u00e5desval 2025","robots":{"index":"index","follow":"follow","max-snippet":"max-snippet:-1","max-image-preview":"max-image-preview:large","max-video-preview":"max-video-preview:-1"},"canonical":"https:\/\/val.sfp.fi\/valfardsomradesval\/valprogram-for-osterbottens-och-mellersta-osterbottens-valfardsomraden\/","og_locale":"sv_SE","og_type":"article","og_title":"Valprogram f\u00f6r \u00d6sterbottens och Mellersta \u00d6sterbottens v\u00e4lf\u00e4rdsomr\u00e5den &#8212; V\u00e4lf\u00e4rdsomr\u00e5desval 2025","og_description":"H\u00e4r kan du l\u00e4sa valprogrammet som PDF. Tillbaka till v\u00e4lf\u00e4rdsomr\u00e5de (\u00d6sterbotten) Tillbaka till v\u00e4lf\u00e4rdsomr\u00e5de (Mellersta \u00d6sterbotten) SFP:S VALPROGRAM I V\u00c4LF\u00c4RDSOMR\u00c5DESVALET I \u00d6STERBOTTEN OCH MELLERSTA \u00d6STERBOTTEN I v\u00e4lf\u00e4rdsomr\u00e5desvalet r\u00f6star vi om...","og_url":"https:\/\/val.sfp.fi\/valfardsomradesval\/valprogram-for-osterbottens-och-mellersta-osterbottens-valfardsomraden\/","og_site_name":"V\u00e4lf\u00e4rdsomr\u00e5desval 2025","article_publisher":"https:\/\/www.facebook.com\/sfprkp\/","article_modified_time":"2025-02-05T08:10:45+00:00","og_image":[{"width":792,"height":856,"url":"https:\/\/val.sfp.fi\/valfardsomradesval\/wp-content\/uploads\/OBMOB.png","type":"image\/png"}],"twitter_misc":{"Ber\u00e4knad l\u00e4stid":"3 minuter"},"schema":{"@context":"https:\/\/schema.org","@graph":[{"@type":"WebPage","@id":"https:\/\/val.sfp.fi\/valfardsomradesval\/valprogram-for-osterbottens-och-mellersta-osterbottens-valfardsomraden\/","url":"https:\/\/val.sfp.fi\/valfardsomradesval\/valprogram-for-osterbottens-och-mellersta-osterbottens-valfardsomraden\/","name":"Valprogram f\u00f6r \u00d6sterbottens och Mellersta \u00d6sterbottens v\u00e4lf\u00e4rdsomr\u00e5den &#8212; V\u00e4lf\u00e4rdsomr\u00e5desval 2025","isPartOf":{"@id":"https:\/\/val.sfp.fi\/valfardsomradesval\/#website"},"primaryImageOfPage":{"@id":"https:\/\/val.sfp.fi\/valfardsomradesval\/valprogram-for-osterbottens-och-mellersta-osterbottens-valfardsomraden\/#primaryimage"},"image":{"@id":"https:\/\/val.sfp.fi\/valfardsomradesval\/valprogram-for-osterbottens-och-mellersta-osterbottens-valfardsomraden\/#primaryimage"},"thumbnailUrl":"https:\/\/val.sfp.fi\/valfardsomradesval\/wp-content\/uploads\/OBMOB-555x600.png","datePublished":"2025-02-05T08:04:33+00:00","dateModified":"2025-02-05T08:10:45+00:00","breadcrumb":{"@id":"https:\/\/val.sfp.fi\/valfardsomradesval\/valprogram-for-osterbottens-och-mellersta-osterbottens-valfardsomraden\/#breadcrumb"},"inLanguage":"sv-SE","potentialAction":[{"@type":"ReadAction","target":["https:\/\/val.sfp.fi\/valfardsomradesval\/valprogram-for-osterbottens-och-mellersta-osterbottens-valfardsomraden\/"]}]},{"@type":"ImageObject","inLanguage":"sv-SE","@id":"https:\/\/val.sfp.fi\/valfardsomradesval\/valprogram-for-osterbottens-och-mellersta-osterbottens-valfardsomraden\/#primaryimage","url":"https:\/\/val.sfp.fi\/valfardsomradesval\/wp-content\/uploads\/OBMOB.png","contentUrl":"https:\/\/val.sfp.fi\/valfardsomradesval\/wp-content\/uploads\/OBMOB.png","width":792,"height":856},{"@type":"BreadcrumbList","@id":"https:\/\/val.sfp.fi\/valfardsomradesval\/valprogram-for-osterbottens-och-mellersta-osterbottens-valfardsomraden\/#breadcrumb","itemListElement":[{"@type":"ListItem","position":1,"name":"Home","item":"https:\/\/val.sfp.fi\/valfardsomradesval\/"},{"@type":"ListItem","position":2,"name":"Valprogram f\u00f6r \u00d6sterbottens och Mellersta \u00d6sterbottens v\u00e4lf\u00e4rdsomr\u00e5den"}]},{"@type":"WebSite","@id":"https:\/\/val.sfp.fi\/valfardsomradesval\/#website","url":"https:\/\/val.sfp.fi\/valfardsomradesval\/","name":"SFP - V\u00e4lf\u00e4rdsomr\u00e5desval 2025","description":"","publisher":{"@id":"https:\/\/val.sfp.fi\/valfardsomradesval\/#organization"},"potentialAction":[{"@type":"SearchAction","target":{"@type":"EntryPoint","urlTemplate":"https:\/\/val.sfp.fi\/valfardsomradesval\/?s={search_term_string}"},"query-input":{"@type":"PropertyValueSpecification","valueRequired":true,"valueName":"search_term_string"}}],"inLanguage":"sv-SE"},{"@type":"Organization","@id":"https:\/\/val.sfp.fi\/valfardsomradesval\/#organization","name":"SFP RKP","url":"https:\/\/val.sfp.fi\/valfardsomradesval\/","logo":{"@type":"ImageObject","inLanguage":"sv-SE","@id":"https:\/\/val.sfp.fi\/valfardsomradesval\/#\/schema\/logo\/image\/","url":"https:\/\/val.sfp.fi\/valfardsomradesval\/wp-content\/uploads\/SFP-RKP-logo.jpg","contentUrl":"https:\/\/val.sfp.fi\/valfardsomradesval\/wp-content\/uploads\/SFP-RKP-logo.jpg","width":1483,"height":1483,"caption":"SFP RKP"},"image":{"@id":"https:\/\/val.sfp.fi\/valfardsomradesval\/#\/schema\/logo\/image\/"},"sameAs":["https:\/\/www.facebook.com\/sfprkp\/","https:\/\/x.com\/sfprkp","https:\/\/www.instagram.com\/sfprkp\/","https:\/\/www.youtube.com\/sfprkp","https:\/\/sv.wikipedia.org\/wiki\/Svenska_folkpartiet"]}]}},"lang":"sv","translations":{"sv":44465,"fi":46378,"en":46406},"pll_sync_post":[],"_links":{"self":[{"href":"https:\/\/val.sfp.fi\/valfardsomradesval\/wp-json\/wp\/v2\/pages\/44465","targetHints":{"allow":["GET"]}}],"collection":[{"href":"https:\/\/val.sfp.fi\/valfardsomradesval\/wp-json\/wp\/v2\/pages"}],"about":[{"href":"https:\/\/val.sfp.fi\/valfardsomradesval\/wp-json\/wp\/v2\/types\/page"}],"author":[{"embeddable":true,"href":"https:\/\/val.sfp.fi\/valfardsomradesval\/wp-json\/wp\/v2\/users\/145"}],"replies":[{"embeddable":true,"href":"https:\/\/val.sfp.fi\/valfardsomradesval\/wp-json\/wp\/v2\/comments?post=44465"}],"version-history":[{"count":10,"href":"https:\/\/val.sfp.fi\/valfardsomradesval\/wp-json\/wp\/v2\/pages\/44465\/revisions"}],"predecessor-version":[{"id":44477,"href":"https:\/\/val.sfp.fi\/valfardsomradesval\/wp-json\/wp\/v2\/pages\/44465\/revisions\/44477"}],"wp:attachment":[{"href":"https:\/\/val.sfp.fi\/valfardsomradesval\/wp-json\/wp\/v2\/media?parent=44465"}],"curies":[{"name":"wp","href":"https:\/\/api.w.org\/{rel}","templated":true}]}}