{"id":618,"date":"2019-02-04T11:30:36","date_gmt":"2019-02-04T09:30:36","guid":{"rendered":"https:\/\/kommunalval.sfp.fi\/?page_id=618"},"modified":"2025-03-26T10:55:02","modified_gmt":"2025-03-26T08:55:02","slug":"vaaliohjelma","status":"publish","type":"page","link":"https:\/\/val.sfp.fi\/kommunalval\/fi\/vaaliohjelma\/","title":{"rendered":"Vaaliohjelma"},"content":{"rendered":"<p><a href=\"https:\/\/val.sfp.fi\/kommunalval\/wp-content\/uploads\/Kuntavaalit-ohjelma_suomeksi.pdf\" target=\"_blank\" rel=\"noopener\">Lataa Kuntavaaliohjelman PDF:n\u00e4 t\u00e4st\u00e4.<\/a><\/p>\n<p><a href=\"https:\/\/val.sfp.fi\/kommunalval\/wp-content\/uploads\/VOK-Valprogram_finska_lagres.pdf\" target=\"_blank\" rel=\"noopener\">Lataa yhdistetty Alue- ja Kuntavaaliohjelma PDF:n\u00e4 t\u00e4st\u00e4.<\/a><\/p>\n<p><a href=\"https:\/\/val.sfp.fi\/kommunalval\/wp-content\/uploads\/SELKOSUOMI.pdf\" target=\"_blank\" rel=\"noopener\">Lataa yhdistetty Alue- ja Kuntavaaliohjelma selkosuomeksi PDF:n\u00e4 t\u00e4st\u00e4.<\/a><\/p>\n<p><a href=\"https:\/\/val.sfp.fi\/kommunalval\/wp-content\/uploads\/ENARESAMISKA.pdf\" target=\"_blank\" rel=\"noopener\">Lataa yhdistetty Alue- ja Kuntavaaliohjelma enaresameksi PDF:n\u00e4 t\u00e4st\u00e4.<\/a><\/p>\n<p><a href=\"https:\/\/val.sfp.fi\/kommunalval\/wp-content\/uploads\/NORDSAMISKA.pdf\" target=\"_blank\" rel=\"noopener\">Lataa yhdistetty Alue- ja Kuntavaaliohjelma pohjoissaameksi PDF:n\u00e4 t\u00e4st\u00e4.<\/a><\/p>\n<p><a href=\"https:\/\/val.sfp.fi\/kommunalval\/wp-content\/uploads\/SKOLTSAMISKA.pdf\" target=\"_blank\" rel=\"noopener\">Lataa yhdistetty Alue- ja Kuntavaaliohjelma koltansaameksi PDF:n\u00e4 t\u00e4st\u00e4.<\/a><\/p>\n<h2>Luomme hyv\u00e4n arjen yhdess\u00e4<\/h2>\n<p>Suomen ruotsalainen kansanpuolue (RKP) on suomalainen liberaalinen puolue, jolla on vahvat pohjoismaiset ja eurooppalaiset juuret. Uskomme yksil\u00f6n oikeuksiin ja kykyyn itse m\u00e4\u00e4ritell\u00e4 el\u00e4m\u00e4ns\u00e4 ja vaikuttaa omaan arkeensa. Uskomme vastuulliseen vapauteen ja vastuuseen toisistamme. Politiikkamme ja liberalismimme kulmakivet ovat kunnioitus ihmist\u00e4 ja ymp\u00e4rist\u00f6\u00e4 kohtaan, vapaus ja yksil\u00f6n oikeudet, rauha ja oikeudenmukaisuus sek\u00e4 yhdenvertainen kohtelu ja tasa-arvo.<\/p>\n<p>Maailmantilanne ja kansalliset tapahtumat vaikuttavat meihin paikallisesti. Monilla alueilla poliittista keskustelua leimaava polarisaatio n\u00e4kyy my\u00f6s Suomessa. Toivon sijasta uhkailuun perustuva politiikka on yh\u00e4 yleisemp\u00e4\u00e4, samoin pyrkimykset jakaa yhteiskuntamme eri leireihin.<\/p>\n<p>Juuri t\u00e4ss\u00e4 todellisuudessa RKP:t\u00e4 tarvitaan. Emme hyv\u00e4ksy politiikkaa, joka jakaa yhteiskuntamme meihin ja muihin, vaan haluamme tarjota sek\u00e4 paikallisesti ett\u00e4 kansallisesti yhdist\u00e4vi\u00e4 ratkaisuja. Haluamme antaa kaikille mahdollisuuden rakentaa oman tulevaisuutensa yhteiskunnassamme.<\/p>\n<p>Hyvinvointiyhteiskuntamme toimii parhaiten, kun talous on tasapainossa, ihmisill\u00e4 on ty\u00f6t\u00e4 ja yritykset menestyv\u00e4t. Sen eteen teemme ty\u00f6t\u00e4. Samanaikaisesti pyrimme aktiivisesti hillitsem\u00e4\u00e4n ilmastonmuutosta ja tekem\u00e4\u00e4n toimenpiteit\u00e4 luonnon monimuotoisuuden vahvistamiseksi. Kest\u00e4v\u00e4 yhteiskunta on turvallisen arjen edellytys. Kukoistaakseen Suomi tarvitsee sek\u00e4 vahvoja kaupunkeja ett\u00e4 el\u00e4v\u00e4\u00e4 maaseutua.<\/p>\n<p>RKP on kaikille avoin kansanliike. Teemme ty\u00f6t\u00e4 sen eteen, ett\u00e4 Suomessa on kaksi el\u00e4v\u00e4\u00e4 kansalliskielt\u00e4, suomi ja ruotsi. Puolueemme puolustaa aina v\u00e4hemmist\u00f6j\u00e4 ja v\u00e4hemmist\u00f6kieli\u00e4.<\/p>\n<p>Puolustamme aina oikeusvaltioperiaatetta ja demokratiaa. Uskomme, ett\u00e4 sivistynyt ja kansainv\u00e4linen Suomi on turvallinen, tulevaisuuden haasteista selviytyv\u00e4 valtio. Haluamme avoimen ja monikulttuurisen yhteisty\u00f6lle rakentuvan yhteiskunnan, joka kantaa vastuuta kaikista sukupolvista. RKP on liberaali, osallistava ja vastuullinen \u00e4\u00e4ni kaikilla poliittisen p\u00e4\u00e4t\u00f6ksenteon tasoilla. Tiedostamme, ett\u00e4 valtiontalouden haasteet tekev\u00e4t tilanteesta vaikean monilla alueilla, kun toimintaa on sopeutettava taloudelliseen todellisuuteen. Hyvinvoinnin tulee perustua inhimillisyyteen ja sen tulee turvata hoito- ja hoivapalvelut, koulutus ja muut yhteiskunnalliset palvelut.<\/p>\n<p>Koulutetun ty\u00f6voiman saatavuus on yksi Suomen keskeisimmist\u00e4 tulevaisuuden kysymyksist\u00e4. T\u00e4m\u00e4n tarpeen t\u00e4ytt\u00e4minen edellytt\u00e4\u00e4, ett\u00e4 lis\u00e4\u00e4mme opiskelupaikkojen m\u00e4\u00e4r\u00e4\u00e4 ja edist\u00e4mme ty\u00f6perusteista maahanmuuttoa. Turvataksemme tarvittavan ty\u00f6voiman riitt\u00e4vyyden meid\u00e4n on lis\u00e4tt\u00e4v\u00e4 panostuksia henkil\u00f6st\u00f6n hyvinvointiin.<\/p>\n<p>Kaikilla tulee olla yhdenvertaiset oikeudet ja mahdollisuudet yhteiskunnassamme sek\u00e4 mahdollisuus osallistua p\u00e4\u00e4t\u00f6ksentekoon. Edist\u00e4mme m\u00e4\u00e4r\u00e4tietoisesti tasa-arvoa. Puolustamme aina jokaisen perusoikeutta p\u00e4\u00e4tt\u00e4\u00e4 omasta kehostaan. Ket\u00e4\u00e4n ei saa syrji\u00e4 kielen, alkuper\u00e4n, kansalaisuuden, uskonnon, vakaumuksen, sukupuolen, seksuaalisen suuntautumisen, vammaisuuden tai i\u00e4n perusteella. Teemme m\u00e4\u00e4r\u00e4tietoisesti ty\u00f6t\u00e4 rasismin ja syrjinn\u00e4n kitkemiseksi yhteiskunnastamme.<\/p>\n<p>Teemme ty\u00f6t\u00e4 kuntien, seutukuntien ja hyvinvointialueiden elinvoimaisuuden ja vahvan l\u00e4hidemokratian edist\u00e4miseksi. P\u00e4\u00e4t\u00f6ksenteon on oltava avointa ja turhaa byrokratiaa on v\u00e4ltett\u00e4v\u00e4. Tavoittelemme toimivaa kuntien, hyvinvointialueiden, valtion, yksityisen sektorin ja kolmannen sektorin v\u00e4list\u00e4 yhteisty\u00f6t\u00e4. RKP on puolueena l\u00e4hell\u00e4 sinua kaikissa el\u00e4m\u00e4nvaiheissasi.\u00a0 Meille on t\u00e4rke\u00e4\u00e4, ett\u00e4 voit matalalla kynnyksell\u00e4 ottaa yhteytt\u00e4 meihin ja p\u00e4\u00e4tt\u00e4jiimme &#8211; asiassa kuin asiassa.<\/p>\n<p>&nbsp;<\/p>\n<h2><span lang=\"FI\">RKP:n vaaliohjelma kuntavaaleissa 2025<\/span><\/h2>\n","protected":false},"excerpt":{"rendered":"<p>Lataa Kuntavaaliohjelman PDF:n\u00e4 t\u00e4st\u00e4. Lataa yhdistetty Alue- ja Kuntavaaliohjelma PDF:n\u00e4 t\u00e4st\u00e4. Lataa yhdistetty Alue- ja Kuntavaaliohjelma selkosuomeksi PDF:n\u00e4 t\u00e4st\u00e4. Lataa yhdistetty Alue- ja Kuntavaaliohjelma enaresameksi PDF:n\u00e4 t\u00e4st\u00e4. Lataa yhdistetty Alue-<a class=\"excerpt-read-more\" href=\"https:\/\/val.sfp.fi\/kommunalval\/fi\/vaaliohjelma\/\" title=\"L\u00e4sVaaliohjelma\">&#8230;<\/a><\/p>\n","protected":false},"author":1,"featured_media":0,"parent":0,"menu_order":0,"comment_status":"closed","ping_status":"closed","template":"article-list.php","meta":{"_acf_changed":false,"footnotes":""},"class_list":["post-618","page","type-page","status-publish","hentry"],"acf":[],"yoast_head":"<!-- This site is optimized with the Yoast SEO plugin v27.2 - https:\/\/yoast.com\/product\/yoast-seo-wordpress\/ -->\n<title>Vaaliohjelma - Kommunalvalet 2025<\/title>\n<meta name=\"description\" content=\"Kyse on arvoista Me Ruotsalaisessa kansanpuolueessa haluamme, ett\u00e4 kaikilla ihmisill\u00e4 on oikeus p\u00e4\u00e4tt\u00e4\u00e4 omasta el\u00e4m\u00e4st\u00e4\u00e4n ja poluista, joita he haluavat kulkea. Kaikilla tulee olla vapaus unelmoida ja my\u00f6s toteuttaa unelmansa. Meill\u00e4 on oltava vapaus el\u00e4\u00e4 rauhassa, pelk\u00e4\u00e4m\u00e4tt\u00e4 \u2013 turvassa. Meid\u00e4n on voitava p\u00e4\u00e4tt\u00e4\u00e4 omasta ruumiistamme, uskonnostamme ja mielipiteist\u00e4mme.\" \/>\n<meta name=\"robots\" content=\"index, follow, max-snippet:-1, max-image-preview:large, max-video-preview:-1\" \/>\n<link rel=\"canonical\" href=\"https:\/\/val.sfp.fi\/kommunalval\/fi\/vaaliohjelma\/\" \/>\n<meta property=\"og:locale\" content=\"sv_SE\" \/>\n<meta property=\"og:type\" content=\"article\" \/>\n<meta property=\"og:title\" content=\"Vaaliohjelma - Kommunalvalet 2025\" \/>\n<meta property=\"og:description\" content=\"Kyse on arvoista Me Ruotsalaisessa kansanpuolueessa haluamme, ett\u00e4 kaikilla ihmisill\u00e4 on oikeus p\u00e4\u00e4tt\u00e4\u00e4 omasta el\u00e4m\u00e4st\u00e4\u00e4n ja poluista, joita he haluavat kulkea. Kaikilla tulee olla vapaus unelmoida ja my\u00f6s toteuttaa unelmansa. Meill\u00e4 on oltava vapaus el\u00e4\u00e4 rauhassa, pelk\u00e4\u00e4m\u00e4tt\u00e4 \u2013 turvassa. Meid\u00e4n on voitava p\u00e4\u00e4tt\u00e4\u00e4 omasta ruumiistamme, uskonnostamme ja mielipiteist\u00e4mme.\" \/>\n<meta property=\"og:url\" content=\"https:\/\/val.sfp.fi\/kommunalval\/fi\/vaaliohjelma\/\" \/>\n<meta property=\"og:site_name\" content=\"Kommunalvalet 2025\" \/>\n<meta property=\"article:publisher\" content=\"https:\/\/www.facebook.com\/sfprkp\/\" \/>\n<meta property=\"article:modified_time\" content=\"2025-03-26T08:55:02+00:00\" \/>\n<meta property=\"og:image\" content=\"https:\/\/val.sfp.fi\/kommunalval\/wp-content\/uploads\/SFP-RKP-logo-1.jpg\" \/>\n\t<meta property=\"og:image:width\" content=\"1483\" \/>\n\t<meta property=\"og:image:height\" content=\"1483\" \/>\n\t<meta property=\"og:image:type\" content=\"image\/jpeg\" \/>\n<meta name=\"twitter:label1\" content=\"Ber\u00e4knad l\u00e4stid\" \/>\n\t<meta name=\"twitter:data1\" content=\"3 minuter\" \/>\n<script type=\"application\/ld+json\" class=\"yoast-schema-graph\">{\"@context\":\"https:\/\/schema.org\",\"@graph\":[{\"@type\":\"WebPage\",\"@id\":\"https:\/\/val.sfp.fi\/kommunalval\/fi\/vaaliohjelma\/\",\"url\":\"https:\/\/val.sfp.fi\/kommunalval\/fi\/vaaliohjelma\/\",\"name\":\"Vaaliohjelma - Kommunalvalet 2025\",\"isPartOf\":{\"@id\":\"https:\/\/val.sfp.fi\/kommunalval\/#website\"},\"datePublished\":\"2019-02-04T09:30:36+00:00\",\"dateModified\":\"2025-03-26T08:55:02+00:00\",\"description\":\"Kyse on arvoista Me Ruotsalaisessa kansanpuolueessa haluamme, ett\u00e4 kaikilla ihmisill\u00e4 on oikeus p\u00e4\u00e4tt\u00e4\u00e4 omasta el\u00e4m\u00e4st\u00e4\u00e4n ja poluista, joita he haluavat kulkea. Kaikilla tulee olla vapaus unelmoida ja my\u00f6s toteuttaa unelmansa. Meill\u00e4 on oltava vapaus el\u00e4\u00e4 rauhassa, pelk\u00e4\u00e4m\u00e4tt\u00e4 \u2013 turvassa. Meid\u00e4n on voitava p\u00e4\u00e4tt\u00e4\u00e4 omasta ruumiistamme, uskonnostamme ja mielipiteist\u00e4mme.\",\"breadcrumb\":{\"@id\":\"https:\/\/val.sfp.fi\/kommunalval\/fi\/vaaliohjelma\/#breadcrumb\"},\"inLanguage\":\"sv-SE\",\"potentialAction\":[{\"@type\":\"ReadAction\",\"target\":[\"https:\/\/val.sfp.fi\/kommunalval\/fi\/vaaliohjelma\/\"]}]},{\"@type\":\"BreadcrumbList\",\"@id\":\"https:\/\/val.sfp.fi\/kommunalval\/fi\/vaaliohjelma\/#breadcrumb\",\"itemListElement\":[{\"@type\":\"ListItem\",\"position\":1,\"name\":\"Home\",\"item\":\"https:\/\/val.sfp.fi\/kommunalval\/\"},{\"@type\":\"ListItem\",\"position\":2,\"name\":\"Vaaliohjelma\"}]},{\"@type\":\"WebSite\",\"@id\":\"https:\/\/val.sfp.fi\/kommunalval\/#website\",\"url\":\"https:\/\/val.sfp.fi\/kommunalval\/\",\"name\":\"Kommunalvalet 2025\",\"description\":\"\",\"publisher\":{\"@id\":\"https:\/\/val.sfp.fi\/kommunalval\/#organization\"},\"potentialAction\":[{\"@type\":\"SearchAction\",\"target\":{\"@type\":\"EntryPoint\",\"urlTemplate\":\"https:\/\/val.sfp.fi\/kommunalval\/?s={search_term_string}\"},\"query-input\":{\"@type\":\"PropertyValueSpecification\",\"valueRequired\":true,\"valueName\":\"search_term_string\"}}],\"inLanguage\":\"sv-SE\"},{\"@type\":\"Organization\",\"@id\":\"https:\/\/val.sfp.fi\/kommunalval\/#organization\",\"name\":\"SFP RKP\",\"url\":\"https:\/\/val.sfp.fi\/kommunalval\/\",\"logo\":{\"@type\":\"ImageObject\",\"inLanguage\":\"sv-SE\",\"@id\":\"https:\/\/val.sfp.fi\/kommunalval\/#\/schema\/logo\/image\/\",\"url\":\"https:\/\/val.sfp.fi\/kommunalval\/wp-content\/uploads\/SFP-RKP-logo-1.jpg\",\"contentUrl\":\"https:\/\/val.sfp.fi\/kommunalval\/wp-content\/uploads\/SFP-RKP-logo-1.jpg\",\"width\":1483,\"height\":1483,\"caption\":\"SFP RKP\"},\"image\":{\"@id\":\"https:\/\/val.sfp.fi\/kommunalval\/#\/schema\/logo\/image\/\"},\"sameAs\":[\"https:\/\/www.facebook.com\/sfprkp\/\",\"https:\/\/x.com\/sfprkp\",\"https:\/\/www.instagram.com\/sfprkp\/\",\"https:\/\/www.youtube.com\/sfprkp\"]}]}<\/script>\n<!-- \/ Yoast SEO plugin. -->","yoast_head_json":{"title":"Vaaliohjelma - Kommunalvalet 2025","description":"Kyse on arvoista Me Ruotsalaisessa kansanpuolueessa haluamme, ett\u00e4 kaikilla ihmisill\u00e4 on oikeus p\u00e4\u00e4tt\u00e4\u00e4 omasta el\u00e4m\u00e4st\u00e4\u00e4n ja poluista, joita he haluavat kulkea. Kaikilla tulee olla vapaus unelmoida ja my\u00f6s toteuttaa unelmansa. Meill\u00e4 on oltava vapaus el\u00e4\u00e4 rauhassa, pelk\u00e4\u00e4m\u00e4tt\u00e4 \u2013 turvassa. Meid\u00e4n on voitava p\u00e4\u00e4tt\u00e4\u00e4 omasta ruumiistamme, uskonnostamme ja mielipiteist\u00e4mme.","robots":{"index":"index","follow":"follow","max-snippet":"max-snippet:-1","max-image-preview":"max-image-preview:large","max-video-preview":"max-video-preview:-1"},"canonical":"https:\/\/val.sfp.fi\/kommunalval\/fi\/vaaliohjelma\/","og_locale":"sv_SE","og_type":"article","og_title":"Vaaliohjelma - Kommunalvalet 2025","og_description":"Kyse on arvoista Me Ruotsalaisessa kansanpuolueessa haluamme, ett\u00e4 kaikilla ihmisill\u00e4 on oikeus p\u00e4\u00e4tt\u00e4\u00e4 omasta el\u00e4m\u00e4st\u00e4\u00e4n ja poluista, joita he haluavat kulkea. Kaikilla tulee olla vapaus unelmoida ja my\u00f6s toteuttaa unelmansa. Meill\u00e4 on oltava vapaus el\u00e4\u00e4 rauhassa, pelk\u00e4\u00e4m\u00e4tt\u00e4 \u2013 turvassa. Meid\u00e4n on voitava p\u00e4\u00e4tt\u00e4\u00e4 omasta ruumiistamme, uskonnostamme ja mielipiteist\u00e4mme.","og_url":"https:\/\/val.sfp.fi\/kommunalval\/fi\/vaaliohjelma\/","og_site_name":"Kommunalvalet 2025","article_publisher":"https:\/\/www.facebook.com\/sfprkp\/","article_modified_time":"2025-03-26T08:55:02+00:00","og_image":[{"width":1483,"height":1483,"url":"https:\/\/val.sfp.fi\/kommunalval\/wp-content\/uploads\/SFP-RKP-logo-1.jpg","type":"image\/jpeg"}],"twitter_misc":{"Ber\u00e4knad l\u00e4stid":"3 minuter"},"schema":{"@context":"https:\/\/schema.org","@graph":[{"@type":"WebPage","@id":"https:\/\/val.sfp.fi\/kommunalval\/fi\/vaaliohjelma\/","url":"https:\/\/val.sfp.fi\/kommunalval\/fi\/vaaliohjelma\/","name":"Vaaliohjelma - Kommunalvalet 2025","isPartOf":{"@id":"https:\/\/val.sfp.fi\/kommunalval\/#website"},"datePublished":"2019-02-04T09:30:36+00:00","dateModified":"2025-03-26T08:55:02+00:00","description":"Kyse on arvoista Me Ruotsalaisessa kansanpuolueessa haluamme, ett\u00e4 kaikilla ihmisill\u00e4 on oikeus p\u00e4\u00e4tt\u00e4\u00e4 omasta el\u00e4m\u00e4st\u00e4\u00e4n ja poluista, joita he haluavat kulkea. Kaikilla tulee olla vapaus unelmoida ja my\u00f6s toteuttaa unelmansa. Meill\u00e4 on oltava vapaus el\u00e4\u00e4 rauhassa, pelk\u00e4\u00e4m\u00e4tt\u00e4 \u2013 turvassa. Meid\u00e4n on voitava p\u00e4\u00e4tt\u00e4\u00e4 omasta ruumiistamme, uskonnostamme ja mielipiteist\u00e4mme.","breadcrumb":{"@id":"https:\/\/val.sfp.fi\/kommunalval\/fi\/vaaliohjelma\/#breadcrumb"},"inLanguage":"sv-SE","potentialAction":[{"@type":"ReadAction","target":["https:\/\/val.sfp.fi\/kommunalval\/fi\/vaaliohjelma\/"]}]},{"@type":"BreadcrumbList","@id":"https:\/\/val.sfp.fi\/kommunalval\/fi\/vaaliohjelma\/#breadcrumb","itemListElement":[{"@type":"ListItem","position":1,"name":"Home","item":"https:\/\/val.sfp.fi\/kommunalval\/"},{"@type":"ListItem","position":2,"name":"Vaaliohjelma"}]},{"@type":"WebSite","@id":"https:\/\/val.sfp.fi\/kommunalval\/#website","url":"https:\/\/val.sfp.fi\/kommunalval\/","name":"Kommunalvalet 2025","description":"","publisher":{"@id":"https:\/\/val.sfp.fi\/kommunalval\/#organization"},"potentialAction":[{"@type":"SearchAction","target":{"@type":"EntryPoint","urlTemplate":"https:\/\/val.sfp.fi\/kommunalval\/?s={search_term_string}"},"query-input":{"@type":"PropertyValueSpecification","valueRequired":true,"valueName":"search_term_string"}}],"inLanguage":"sv-SE"},{"@type":"Organization","@id":"https:\/\/val.sfp.fi\/kommunalval\/#organization","name":"SFP RKP","url":"https:\/\/val.sfp.fi\/kommunalval\/","logo":{"@type":"ImageObject","inLanguage":"sv-SE","@id":"https:\/\/val.sfp.fi\/kommunalval\/#\/schema\/logo\/image\/","url":"https:\/\/val.sfp.fi\/kommunalval\/wp-content\/uploads\/SFP-RKP-logo-1.jpg","contentUrl":"https:\/\/val.sfp.fi\/kommunalval\/wp-content\/uploads\/SFP-RKP-logo-1.jpg","width":1483,"height":1483,"caption":"SFP RKP"},"image":{"@id":"https:\/\/val.sfp.fi\/kommunalval\/#\/schema\/logo\/image\/"},"sameAs":["https:\/\/www.facebook.com\/sfprkp\/","https:\/\/x.com\/sfprkp","https:\/\/www.instagram.com\/sfprkp\/","https:\/\/www.youtube.com\/sfprkp"]}]}},"lang":"fi","translations":{"fi":618,"sv":106,"en":1250},"pll_sync_post":[],"_links":{"self":[{"href":"https:\/\/val.sfp.fi\/kommunalval\/wp-json\/wp\/v2\/pages\/618","targetHints":{"allow":["GET"]}}],"collection":[{"href":"https:\/\/val.sfp.fi\/kommunalval\/wp-json\/wp\/v2\/pages"}],"about":[{"href":"https:\/\/val.sfp.fi\/kommunalval\/wp-json\/wp\/v2\/types\/page"}],"author":[{"embeddable":true,"href":"https:\/\/val.sfp.fi\/kommunalval\/wp-json\/wp\/v2\/users\/1"}],"replies":[{"embeddable":true,"href":"https:\/\/val.sfp.fi\/kommunalval\/wp-json\/wp\/v2\/comments?post=618"}],"version-history":[{"count":32,"href":"https:\/\/val.sfp.fi\/kommunalval\/wp-json\/wp\/v2\/pages\/618\/revisions"}],"predecessor-version":[{"id":55825,"href":"https:\/\/val.sfp.fi\/kommunalval\/wp-json\/wp\/v2\/pages\/618\/revisions\/55825"}],"wp:attachment":[{"href":"https:\/\/val.sfp.fi\/kommunalval\/wp-json\/wp\/v2\/media?parent=618"}],"curies":[{"name":"wp","href":"https:\/\/api.w.org\/{rel}","templated":true}]}}