{"id":54124,"date":"2025-03-11T22:45:44","date_gmt":"2025-03-11T20:45:44","guid":{"rendered":"https:\/\/val.sfp.fi\/kommunalval\/?page_id=54124"},"modified":"2025-03-11T22:53:15","modified_gmt":"2025-03-11T20:53:15","slug":"sfp-i-lovisas-kommunalvalsprogram","status":"publish","type":"page","link":"https:\/\/val.sfp.fi\/kommunalval\/sfp-i-lovisas-kommunalvalsprogram\/","title":{"rendered":"SFP I LOVISAS KOMMUNALVALSPROGRAM"},"content":{"rendered":"<p><a href=\"https:\/\/val.sfp.fi\/kommunalval\/valkrets\/nyland\/lovisa\/\">Klicka h\u00e4r f\u00f6r att komma tillbaka till information om kandidaterna<\/a><\/p>\n<h2>SFP I LOVISAS VALPROGRAM 2025<\/h2>\n<p>Vi i SFP har alltid betonat vikten av v\u00e5rt svenska spr\u00e5k och att vara n\u00e4ra Dig. Liksom Du \u00e4r n\u00e4ra de fr\u00e5gor och de m\u00e4nniskor som finns omkring Dig. Vi beh\u00f6ver inte alltid vara \u00f6verens med partiet i alla fr\u00e5gor, speciellt p\u00e5 riksplanet. P\u00e5 det lokala planet \u00e4r det andra fr\u00e5gor som har betydelse. I det konkreta arbetet inom de kommunala organen \u00e4r det de lokala sakfr\u00e5gorna som kommer i f\u00f6rsta hand.<\/p>\n<p>I Lovisa har vi m\u00e5nga sk\u00e4l att se p\u00e5 framtiden med tillf\u00f6rsikt. Stadens ekonomi \u00e4r tillfredsst\u00e4llande, och stadens organisation genomg\u00e5r en sedan l\u00e4nge efterlyst omvandling. Den g\u00e5ngna fullm\u00e4ktigeperioden har p\u00e5 m\u00e5nga s\u00e4tt varit tung, men vi f\u00e5r nu l\u00e4mna den bakom oss. Det ger oss goda m\u00f6jligheter att tillsammans arbeta f\u00f6r ett \u00e4nnu b\u00e4ttre och trivsammare Lovisa.<\/p>\n<p>Sedan det nya v\u00e4lf\u00e4rdsomr\u00e5det tagit \u00f6ver social- och h\u00e4lsov\u00e5rden kan vi som beslutsfattare koncentrera oss p\u00e5 att ytterligare bef\u00e4sta det som l\u00e4nge varit stadens styrkor:<\/p>\n<ul>\n<li>en trivsam och idyllisk boendemilj\u00f6, s\u00e5v\u00e4l i stadsk\u00e4rnan som p\u00e5 landsbygden och i sk\u00e4rg\u00e5rden<\/li>\n<li>en v\u00e4lfungerande och h\u00f6gklassig dagv\u00e5rd och skola, p\u00e5 b\u00e4gge spr\u00e5ken<\/li>\n<li>livskraftiga byar<\/li>\n<li>ett starkt n\u00e4tverk av f\u00f6reningar och andra frivilligorganisationer<\/li>\n<li>en aktiv och m\u00e5ngsidig idrottsverksamhet<\/li>\n<li>ett levande och h\u00f6gklassigt kulturliv och<\/li>\n<li>en vacker milj\u00f6 med ypperliga m\u00f6jligheter till motion och rekreation.<\/li>\n<\/ul>\n<p>Vi st\u00e5r v\u00e4l rustade inf\u00f6r den nya fullm\u00e4ktigeperioden. Lovisa \u00e4r en p\u00e5 alla s\u00e4tt h\u00e5llbar kommun.<\/p>\n<p>Vi vill konkret arbeta f\u00f6r bland annat f\u00f6ljande under den kommande valperioden:<\/p>\n<ul>\n<li>att vi ocks\u00e5 i forts\u00e4ttningen uppr\u00e4tth\u00e5ller livskraften i alla delar av staden<\/li>\n<li>att vi bevarar v\u00e5rt nuvarande skol- och dagv\u00e5rdsn\u00e4t och intensifierar samarbetet \u00f6ver spr\u00e5kgr\u00e4nsen<\/li>\n<li>att vi skapar b\u00e4sta m\u00f6jliga f\u00f6ruts\u00e4ttningar f\u00f6r f\u00f6retagande, nya arbetsplatser och investeringar<\/li>\n<li>att vi f\u00e5r ett nytt bibliotek, en modern kulturscen och en ny idrottshall<\/li>\n<li>att dagis- och skolmaten g\u00f6rs p\u00e5 lokala r\u00e5varor<\/li>\n<li>att Lovisa st\u00e5r fast vid sina klimatm\u00e5l<\/li>\n<li>att vi forts\u00e4tter v\u00e5r samarbetsinriktade och konstruktiva sakpolitik.<\/li>\n<\/ul>\n","protected":false},"excerpt":{"rendered":"<p>Klicka h\u00e4r f\u00f6r att komma tillbaka till information om kandidaterna SFP I LOVISAS VALPROGRAM 2025 Vi i SFP har alltid betonat vikten av v\u00e5rt svenska spr\u00e5k och att vara n\u00e4ra<a class=\"excerpt-read-more\" href=\"https:\/\/val.sfp.fi\/kommunalval\/sfp-i-lovisas-kommunalvalsprogram\/\" title=\"L\u00e4sSFP I LOVISAS KOMMUNALVALSPROGRAM\">&#8230;<\/a><\/p>\n","protected":false},"author":2460,"featured_media":0,"parent":0,"menu_order":0,"comment_status":"closed","ping_status":"closed","template":"","meta":{"_acf_changed":false,"footnotes":""},"class_list":["post-54124","page","type-page","status-publish","hentry"],"acf":[],"yoast_head":"<!-- This site is optimized with the Yoast SEO plugin v27.2 - https:\/\/yoast.com\/product\/yoast-seo-wordpress\/ -->\n<title>SFP I LOVISAS KOMMUNALVALSPROGRAM - Kommunalvalet 2025<\/title>\n<meta name=\"robots\" content=\"index, follow, max-snippet:-1, max-image-preview:large, max-video-preview:-1\" \/>\n<link rel=\"canonical\" href=\"https:\/\/val.sfp.fi\/kommunalval\/sfp-i-lovisas-kommunalvalsprogram\/\" \/>\n<meta property=\"og:locale\" content=\"sv_SE\" \/>\n<meta property=\"og:type\" content=\"article\" \/>\n<meta property=\"og:title\" content=\"SFP I LOVISAS KOMMUNALVALSPROGRAM - Kommunalvalet 2025\" \/>\n<meta property=\"og:description\" content=\"Klicka h\u00e4r f\u00f6r att komma tillbaka till information om kandidaterna SFP I LOVISAS VALPROGRAM 2025 Vi i SFP har alltid betonat vikten av v\u00e5rt svenska spr\u00e5k och att vara n\u00e4ra...\" \/>\n<meta property=\"og:url\" content=\"https:\/\/val.sfp.fi\/kommunalval\/sfp-i-lovisas-kommunalvalsprogram\/\" \/>\n<meta property=\"og:site_name\" content=\"Kommunalvalet 2025\" \/>\n<meta property=\"article:publisher\" content=\"https:\/\/www.facebook.com\/sfprkp\/\" \/>\n<meta property=\"article:modified_time\" content=\"2025-03-11T20:53:15+00:00\" \/>\n<meta property=\"og:image\" content=\"https:\/\/val.sfp.fi\/kommunalval\/wp-content\/uploads\/SFP-RKP-logo-1.jpg\" \/>\n\t<meta property=\"og:image:width\" content=\"1483\" \/>\n\t<meta property=\"og:image:height\" content=\"1483\" \/>\n\t<meta property=\"og:image:type\" content=\"image\/jpeg\" \/>\n<meta name=\"twitter:label1\" content=\"Ber\u00e4knad l\u00e4stid\" \/>\n\t<meta name=\"twitter:data1\" content=\"2 minuter\" \/>\n<script type=\"application\/ld+json\" class=\"yoast-schema-graph\">{\"@context\":\"https:\/\/schema.org\",\"@graph\":[{\"@type\":\"WebPage\",\"@id\":\"https:\/\/val.sfp.fi\/kommunalval\/sfp-i-lovisas-kommunalvalsprogram\/\",\"url\":\"https:\/\/val.sfp.fi\/kommunalval\/sfp-i-lovisas-kommunalvalsprogram\/\",\"name\":\"SFP I LOVISAS KOMMUNALVALSPROGRAM - Kommunalvalet 2025\",\"isPartOf\":{\"@id\":\"https:\/\/val.sfp.fi\/kommunalval\/#website\"},\"datePublished\":\"2025-03-11T20:45:44+00:00\",\"dateModified\":\"2025-03-11T20:53:15+00:00\",\"breadcrumb\":{\"@id\":\"https:\/\/val.sfp.fi\/kommunalval\/sfp-i-lovisas-kommunalvalsprogram\/#breadcrumb\"},\"inLanguage\":\"sv-SE\",\"potentialAction\":[{\"@type\":\"ReadAction\",\"target\":[\"https:\/\/val.sfp.fi\/kommunalval\/sfp-i-lovisas-kommunalvalsprogram\/\"]}]},{\"@type\":\"BreadcrumbList\",\"@id\":\"https:\/\/val.sfp.fi\/kommunalval\/sfp-i-lovisas-kommunalvalsprogram\/#breadcrumb\",\"itemListElement\":[{\"@type\":\"ListItem\",\"position\":1,\"name\":\"Home\",\"item\":\"https:\/\/val.sfp.fi\/kommunalval\/\"},{\"@type\":\"ListItem\",\"position\":2,\"name\":\"SFP I LOVISAS KOMMUNALVALSPROGRAM\"}]},{\"@type\":\"WebSite\",\"@id\":\"https:\/\/val.sfp.fi\/kommunalval\/#website\",\"url\":\"https:\/\/val.sfp.fi\/kommunalval\/\",\"name\":\"Kommunalvalet 2025\",\"description\":\"\",\"publisher\":{\"@id\":\"https:\/\/val.sfp.fi\/kommunalval\/#organization\"},\"potentialAction\":[{\"@type\":\"SearchAction\",\"target\":{\"@type\":\"EntryPoint\",\"urlTemplate\":\"https:\/\/val.sfp.fi\/kommunalval\/?s={search_term_string}\"},\"query-input\":{\"@type\":\"PropertyValueSpecification\",\"valueRequired\":true,\"valueName\":\"search_term_string\"}}],\"inLanguage\":\"sv-SE\"},{\"@type\":\"Organization\",\"@id\":\"https:\/\/val.sfp.fi\/kommunalval\/#organization\",\"name\":\"SFP RKP\",\"url\":\"https:\/\/val.sfp.fi\/kommunalval\/\",\"logo\":{\"@type\":\"ImageObject\",\"inLanguage\":\"sv-SE\",\"@id\":\"https:\/\/val.sfp.fi\/kommunalval\/#\/schema\/logo\/image\/\",\"url\":\"https:\/\/val.sfp.fi\/kommunalval\/wp-content\/uploads\/SFP-RKP-logo-1.jpg\",\"contentUrl\":\"https:\/\/val.sfp.fi\/kommunalval\/wp-content\/uploads\/SFP-RKP-logo-1.jpg\",\"width\":1483,\"height\":1483,\"caption\":\"SFP RKP\"},\"image\":{\"@id\":\"https:\/\/val.sfp.fi\/kommunalval\/#\/schema\/logo\/image\/\"},\"sameAs\":[\"https:\/\/www.facebook.com\/sfprkp\/\",\"https:\/\/x.com\/sfprkp\",\"https:\/\/www.instagram.com\/sfprkp\/\",\"https:\/\/www.youtube.com\/sfprkp\"]}]}<\/script>\n<!-- \/ Yoast SEO plugin. -->","yoast_head_json":{"title":"SFP I LOVISAS KOMMUNALVALSPROGRAM - Kommunalvalet 2025","robots":{"index":"index","follow":"follow","max-snippet":"max-snippet:-1","max-image-preview":"max-image-preview:large","max-video-preview":"max-video-preview:-1"},"canonical":"https:\/\/val.sfp.fi\/kommunalval\/sfp-i-lovisas-kommunalvalsprogram\/","og_locale":"sv_SE","og_type":"article","og_title":"SFP I LOVISAS KOMMUNALVALSPROGRAM - Kommunalvalet 2025","og_description":"Klicka h\u00e4r f\u00f6r att komma tillbaka till information om kandidaterna SFP I LOVISAS VALPROGRAM 2025 Vi i SFP har alltid betonat vikten av v\u00e5rt svenska spr\u00e5k och att vara n\u00e4ra...","og_url":"https:\/\/val.sfp.fi\/kommunalval\/sfp-i-lovisas-kommunalvalsprogram\/","og_site_name":"Kommunalvalet 2025","article_publisher":"https:\/\/www.facebook.com\/sfprkp\/","article_modified_time":"2025-03-11T20:53:15+00:00","og_image":[{"width":1483,"height":1483,"url":"https:\/\/val.sfp.fi\/kommunalval\/wp-content\/uploads\/SFP-RKP-logo-1.jpg","type":"image\/jpeg"}],"twitter_misc":{"Ber\u00e4knad l\u00e4stid":"2 minuter"},"schema":{"@context":"https:\/\/schema.org","@graph":[{"@type":"WebPage","@id":"https:\/\/val.sfp.fi\/kommunalval\/sfp-i-lovisas-kommunalvalsprogram\/","url":"https:\/\/val.sfp.fi\/kommunalval\/sfp-i-lovisas-kommunalvalsprogram\/","name":"SFP I LOVISAS KOMMUNALVALSPROGRAM - Kommunalvalet 2025","isPartOf":{"@id":"https:\/\/val.sfp.fi\/kommunalval\/#website"},"datePublished":"2025-03-11T20:45:44+00:00","dateModified":"2025-03-11T20:53:15+00:00","breadcrumb":{"@id":"https:\/\/val.sfp.fi\/kommunalval\/sfp-i-lovisas-kommunalvalsprogram\/#breadcrumb"},"inLanguage":"sv-SE","potentialAction":[{"@type":"ReadAction","target":["https:\/\/val.sfp.fi\/kommunalval\/sfp-i-lovisas-kommunalvalsprogram\/"]}]},{"@type":"BreadcrumbList","@id":"https:\/\/val.sfp.fi\/kommunalval\/sfp-i-lovisas-kommunalvalsprogram\/#breadcrumb","itemListElement":[{"@type":"ListItem","position":1,"name":"Home","item":"https:\/\/val.sfp.fi\/kommunalval\/"},{"@type":"ListItem","position":2,"name":"SFP I LOVISAS KOMMUNALVALSPROGRAM"}]},{"@type":"WebSite","@id":"https:\/\/val.sfp.fi\/kommunalval\/#website","url":"https:\/\/val.sfp.fi\/kommunalval\/","name":"Kommunalvalet 2025","description":"","publisher":{"@id":"https:\/\/val.sfp.fi\/kommunalval\/#organization"},"potentialAction":[{"@type":"SearchAction","target":{"@type":"EntryPoint","urlTemplate":"https:\/\/val.sfp.fi\/kommunalval\/?s={search_term_string}"},"query-input":{"@type":"PropertyValueSpecification","valueRequired":true,"valueName":"search_term_string"}}],"inLanguage":"sv-SE"},{"@type":"Organization","@id":"https:\/\/val.sfp.fi\/kommunalval\/#organization","name":"SFP RKP","url":"https:\/\/val.sfp.fi\/kommunalval\/","logo":{"@type":"ImageObject","inLanguage":"sv-SE","@id":"https:\/\/val.sfp.fi\/kommunalval\/#\/schema\/logo\/image\/","url":"https:\/\/val.sfp.fi\/kommunalval\/wp-content\/uploads\/SFP-RKP-logo-1.jpg","contentUrl":"https:\/\/val.sfp.fi\/kommunalval\/wp-content\/uploads\/SFP-RKP-logo-1.jpg","width":1483,"height":1483,"caption":"SFP RKP"},"image":{"@id":"https:\/\/val.sfp.fi\/kommunalval\/#\/schema\/logo\/image\/"},"sameAs":["https:\/\/www.facebook.com\/sfprkp\/","https:\/\/x.com\/sfprkp","https:\/\/www.instagram.com\/sfprkp\/","https:\/\/www.youtube.com\/sfprkp"]}]}},"lang":"sv","translations":{"sv":54124,"fi":54129},"pll_sync_post":[],"_links":{"self":[{"href":"https:\/\/val.sfp.fi\/kommunalval\/wp-json\/wp\/v2\/pages\/54124","targetHints":{"allow":["GET"]}}],"collection":[{"href":"https:\/\/val.sfp.fi\/kommunalval\/wp-json\/wp\/v2\/pages"}],"about":[{"href":"https:\/\/val.sfp.fi\/kommunalval\/wp-json\/wp\/v2\/types\/page"}],"author":[{"embeddable":true,"href":"https:\/\/val.sfp.fi\/kommunalval\/wp-json\/wp\/v2\/users\/2460"}],"replies":[{"embeddable":true,"href":"https:\/\/val.sfp.fi\/kommunalval\/wp-json\/wp\/v2\/comments?post=54124"}],"version-history":[{"count":4,"href":"https:\/\/val.sfp.fi\/kommunalval\/wp-json\/wp\/v2\/pages\/54124\/revisions"}],"predecessor-version":[{"id":54128,"href":"https:\/\/val.sfp.fi\/kommunalval\/wp-json\/wp\/v2\/pages\/54124\/revisions\/54128"}],"wp:attachment":[{"href":"https:\/\/val.sfp.fi\/kommunalval\/wp-json\/wp\/v2\/media?parent=54124"}],"curies":[{"name":"wp","href":"https:\/\/api.w.org\/{rel}","templated":true}]}}